{"id":654,"date":"2015-03-04T09:11:25","date_gmt":"2015-03-04T09:11:25","guid":{"rendered":"http:\/\/www.ovoda.abdaiak.hu\/?page_id=654"},"modified":"2015-03-12T12:53:59","modified_gmt":"2015-03-12T12:53:59","slug":"beszoktatas","status":"publish","type":"page","link":"https:\/\/www.mezeskalacs-ovoda.hu\/?page_id=654","title":{"rendered":"Beszoktat\u00e1s"},"content":{"rendered":"<p align=\"center\">\n\t<a href=\"http:\/\/www.mezeskalacs-ovoda.hu\/wp-content\/uploads\/2015\/03\/can-stock-photo_csp7498887.jpg\"><img loading=\"lazy\" alt=\"can-stock-photo_csp7498887\" class=\"alignnone size-thumbnail wp-image-764\" height=\"150\" src=\"http:\/\/www.mezeskalacs-ovoda.hu\/wp-content\/uploads\/2015\/03\/can-stock-photo_csp7498887-150x150.jpg\" style=\"float: left;\" width=\"150\" \/><\/a>\n<\/p>\n<p align=\"center\">\n\t<span style=\"font-size:12px;\"><span style=\"font-family: georgia,serif;\"><span style=\"font-size:16px;\">B&ouml;lcsis beszoktat&aacute;s<\/span><\/span><\/span>\n<\/p>\n<p>\n\t<span style=\"font-size:12px;\"><span style=\"font-family: georgia,serif;\">Manaps&aacute;g a b&ouml;lcs\u0151de nagyon fontos szerepet t&ouml;lt be gyermekeink nevel&eacute;s&eacute;ben. Az &oacute;vod&aacute;val &ouml;sszehasonl&iacute;tva sz&aacute;mos r&eacute;szletben k&uuml;l&ouml;nb&ouml;zik a b&ouml;lcs\u0151de, nem utols&oacute; sorban a beszoktat&aacute;s is m&aacute;sk&eacute;ppen zajlik.<\/span><\/span>\n<\/p>\n<p>\n\t<span style=\"font-size:12px;\"><span style=\"font-family: georgia,serif;\">A b&ouml;lcs\u0151d&eacute;ben saj&aacute;t gondoz&oacute;n\u0151 rendszer- saj&aacute;t gyermekrendszer- m\u0171k&ouml;dik. Ez azt jelenti, hogy a gondoz&oacute;n\u0151, aki a gyermeket beszoktatta, \u0151 viszi v&eacute;gig az &oacute;vod&aacute;ba menetelig. Kialakul ek&ouml;zben egy olyan bizalmi viszony a gyermek &eacute;s a gondoz&oacute;n\u0151 k&ouml;z&ouml;tt, hogy b&aacute;rmilyen probl&eacute;m&aacute;val a gyermek b&aacute;tran fordul a feln\u0151tt fel&eacute;.<\/span><\/span>\n<\/p>\n<p>\n\t<span style=\"font-size:12px;\"><span style=\"font-family: georgia,serif;\">&Aacute;ltal&aacute;ban k&eacute;t h&eacute;t, de a gyermek ig&eacute;nyeit &eacute;s a sz&uuml;l\u0151 idej&eacute;t figyelembe v&eacute;ve a munk&aacute;ba &aacute;ll&aacute;shoz k&eacute;pest, ez lehet r&ouml;videbb vagy hosszabb id\u0151tartam&uacute;.<\/span><\/span>\n<\/p>\n<p>\n\t<span style=\"font-size:12px;\"><span style=\"font-family: georgia,serif;\">Az els\u0151 4-5 napban csak 1-2 &oacute;r&aacute;t tart&oacute;zkodik itt a gyermek a sz&uuml;l\u0151vel egy&uuml;tt. 3.-4. nap pr&oacute;b&aacute;lkozunk meg el\u0151sz&ouml;r azzal, r&ouml;vid id\u0151re kik&uuml;ldj&uuml;k a csoportszob&aacute;b&oacute;l a sz&uuml;l\u0151t. Ekkor m&aacute;r itt is eb&eacute;del a gyermek, ha sz&uuml;ks&eacute;ges, akkor a sz&uuml;l\u0151vel, ha nem akkor a gondoz&oacute;n\u0151j&eacute;vel. Ezut&aacute;n fokozatosan egyre t&ouml;bb id\u0151t t&ouml;lt el a sz&uuml;l\u0151 n&eacute;lk&uuml;l. &Aacute;ltal&aacute;ban a m&aacute;sodik h&eacute;t v&eacute;g&eacute;re &eacute;rj&uuml;k el azt, hogy itt is alszik a b&ouml;lcs\u0151d&eacute;ben.<\/span><\/span>\n<\/p>\n<p>\n\t<span style=\"font-size:12px;\"><span style=\"font-family: georgia,serif;\">A gyermek &eacute;let&eacute;ben fontos szerepet t&ouml;ltenek be az otthonr&oacute;l hozott j&aacute;t&eacute;kok, &bdquo;otthonp&oacute;tl&oacute;&rdquo;t&aacute;rgyak, amik seg&iacute;tik az elv&aacute;l&aacute;sn&aacute;l &eacute;s a beszoktat&aacute;sn&aacute;l.<\/span><\/span>\n<\/p>\n<p>\n\t<span style=\"font-size:12px;\"><span style=\"font-family: georgia,serif;\">Hasznos lehet, ha m&aacute;r b&ouml;lcs\u0151d&eacute;be ker&uuml;l&eacute;s el\u0151tt j&aacute;tsz&oacute;h&aacute;zba, k&ouml;z&ouml;s csoportos foglalkoz&aacute;sokra vissz&uuml;k gyermek&uuml;nket. Mindenk&eacute;ppen aj&aacute;nlatos a b&ouml;lcsi megkezd&eacute;se el\u0151tt, hogy ismerkedjen m&aacute;s gyermekk&ouml;z&ouml;ss&eacute;gekkel. Az is seg&iacute;theti az elv&aacute;l&aacute;st, ha m&aacute;s feln\u0151ttekkel is l&eacute;tes&iacute;t kapcsolatot pl: nagysz&uuml;l\u0151kn&eacute;l t&ouml;lt hossz&uacute; h&eacute;tv&eacute;g&eacute;t, sz&uuml;l\u0151k elfoglalts&aacute;ga miatt m&aacute;s feln\u0151tt vigy&aacute;zzon r&aacute;.<\/span><\/span>\n<\/p>\n<p>\n\t<span style=\"font-size:12px;\"><span style=\"font-family: georgia,serif;\"><u><span style=\"font-size:14px;\">Apr&oacute; r&eacute;szletek a beszoktat&aacute;s alatt:<\/span><\/u><\/span><\/span>\n<\/p>\n<ul>\n<li>\n\t\t<span style=\"font-size:12px;\"><span style=\"font-family: georgia,serif;\">Az az ide&aacute;lis, ha a beszoktat&aacute;s alatt mindig ugyanaz a szem&eacute;ly k&iacute;s&eacute;ri el a gyermeket<\/span><\/span>\n\t<\/li>\n<li>\n\t\t<span style=\"font-size:12px;\"><span style=\"font-family: georgia,serif;\">Nehez&iacute;ti a beszoktat&aacute;s menet&eacute;t az &eacute;desanya szorong&aacute;sa, vagy ha a gyermek s&iacute;rni l&aacute;tja<\/span><\/span>\n\t<\/li>\n<li>\n\t\t<span style=\"font-size:12px;\"><span style=\"font-family: georgia,serif;\">A beszoktat&aacute;sn&aacute;l ne a nagyobb testv&eacute;rrel menjen el, mikor behozza a kicsit<\/span><\/span>\n\t<\/li>\n<li>\n\t\t<span style=\"font-size:12px;\"><span style=\"font-family: georgia,serif;\">Lehet\u0151s&eacute;g szerint a kedvenc alv&oacute;s &aacute;llatka, cumi ne maradjon otthon<\/span><\/span>\n\t<\/li>\n<li>\n\t\t<span style=\"font-size:12px;\"><span style=\"font-family: georgia,serif;\">A b&ouml;cs\u0151d&eacute;be val&oacute; beszoktat&aacute;s el\u0151tt aj&aacute;nlatos leszoktatni fokozatosan a gyermeket a szoptat&aacute;sr&oacute;l, mivel lelkileg jobban megviseli az elv&aacute;l&aacute;s<\/span><\/span>\n\t<\/li>\n<li>\n\t\t<span style=\"font-size:12px;\"><span style=\"font-family: georgia,serif;\">Ne n&eacute;h&aacute;ny nappal a b&ouml;lcs\u0151de megkezd&eacute;se el\u0151tt vonja meg a sz&uuml;l\u0151 a cumit vagy az ujjszop&aacute;st a gyermekt\u0151l<\/span><\/span>\n\t<\/li>\n<li>\n\t\t<span style=\"font-size:12px;\"><span style=\"font-family: georgia,serif;\">A sz&uuml;l\u0151 minden esetben biztos&iacute;tsa gyermek&eacute;t arr&oacute;l, hogy mindenk&eacute;ppen j&ouml;n &eacute;rte bizonyos napirendi pontokhoz k&eacute;pest pl. uzsonna ut&aacute;n<\/span><\/span>\n\t<\/li>\n<li>\n\t\t<span style=\"font-size:12px;\"><span style=\"font-family: georgia,serif;\">Csal&aacute;dl&aacute;togat&aacute;s kapcsolatfelv&eacute;tel a gondoz&oacute;n\u0151vel a gyermek otthon&aacute;ban<\/span><\/span>\n\t<\/li>\n<\/ul>\n<p>\n\t<u><span style=\"font-size:14px;\"><span style=\"font-family: georgia,serif;\">Mi okozhat kiz&ouml;kken&eacute;st a beszoktat&aacute;sn&aacute;l?<\/span><\/span><\/u>\n<\/p>\n<p>\n\t<span style=\"font-size:12px;\"><span style=\"font-family: georgia,serif;\">&#8211; A hossz&uacute; hi&aacute;nyz&aacute;s<br \/>\n\t&#8211; A beszoktat&aacute;s alatt ak&aacute;r 1-2 nap kies&eacute;s<br \/>\n\t&#8211; Csal&aacute;di k&ouml;r&uuml;lm&eacute;nyekbe t&ouml;rt&eacute;n\u0151 v&aacute;ltoz&aacute;s<br \/>\n\t&#8211; Kistestv&eacute;r sz&uuml;let&eacute;se<br \/>\n\t&#8211; K&ouml;lt&ouml;z&eacute;s<br \/>\n\t&#8211; Valamilyen sz&uuml;l\u0151 elutaz&aacute;sa<br \/>\n\t&#8211; Reggeli elindul&aacute;s<\/span><\/span>\n<\/p>\n<p>\n\t<u><span style=\"font-size:14px;\"><span style=\"font-family: georgia,serif;\">Kire mire mondjuk, hogy &bdquo;beszokott b&ouml;lcsis&rdquo; ?<\/span><\/span><\/u>\n<\/p>\n<p>\n\t<span style=\"font-size:12px;\"><span style=\"font-family: georgia,serif;\">Aki j&oacute; alakit ki gondoz&oacute;n\u0151j&eacute;vel, egy&uuml;ttm\u0171k&ouml;d\u0151 a gondoz&aacute;si m\u0171veletek k&ouml;zben. J&oacute;l &eacute;rzi mag&aacute;t, tev&eacute;kenyen j&aacute;tszik eg&eacute;sz nap fog&eacute;kony az &uacute;j ismeretek befogad&aacute;s&aacute;ra, t&aacute;rsai fel&eacute; nyitott.<\/span><\/span>\n<\/p>\n<p>\n\t<span style=\"font-size:12px;\"><span style=\"font-family: georgia,serif;\">A tapasztalatok &eacute;s az &oacute;v&oacute;n\u0151k visszajelz&eacute;se alapj&aacute;n az esetek t&ouml;bbs&eacute;g&eacute;ben mindenk&eacute;ppen k&ouml;nnyebben szoknak be azok a gyerekek az &oacute;vodai k&ouml;z&ouml;ss&eacute;gben, akik b&ouml;lcs\u0151d&eacute;ben j&aacute;rtak. N&aacute;luk m&aacute;r megkezd\u0151dik az &ouml;n&aacute;ll&oacute;sod&aacute;s folyamata az &eacute;tkez&eacute;sben, &ouml;lt&ouml;zk&ouml;d&eacute;s ter&eacute;n. Az is el\u0151nyt jelent sz&aacute;mukra, hogy m&aacute;r kort&aacute;rs csoportban, j&oacute;l kialak&iacute;tott napirend szerint &eacute;ltek, ami n&ouml;velte biztons&aacute;g&eacute;rzet&uuml;ket.<\/span><\/span><\/p>\n","protected":false},"excerpt":{"rendered":"<div class=\"mh-excerpt\"><p>B&ouml;lcsis beszoktat&aacute;s Manaps&aacute;g a b&ouml;lcs\u0151de nagyon fontos szerepet t&ouml;lt be gyermekeink nevel&eacute;s&eacute;ben. Az &oacute;vod&aacute;val &ouml;sszehasonl&iacute;tva sz&aacute;mos r&eacute;szletben k&uuml;l&ouml;nb&ouml;zik a b&ouml;lcs\u0151de, nem utols&oacute; sorban a beszoktat&aacute;s <a class=\"mh-excerpt-more\" href=\"https:\/\/www.mezeskalacs-ovoda.hu\/?page_id=654\" title=\"Beszoktat\u00e1s\">[&#8230;]<\/a><\/p>\n<\/div>","protected":false},"author":5,"featured_media":0,"parent":0,"menu_order":0,"comment_status":"open","ping_status":"open","template":"","meta":[],"_links":{"self":[{"href":"https:\/\/www.mezeskalacs-ovoda.hu\/index.php?rest_route=\/wp\/v2\/pages\/654"}],"collection":[{"href":"https:\/\/www.mezeskalacs-ovoda.hu\/index.php?rest_route=\/wp\/v2\/pages"}],"about":[{"href":"https:\/\/www.mezeskalacs-ovoda.hu\/index.php?rest_route=\/wp\/v2\/types\/page"}],"author":[{"embeddable":true,"href":"https:\/\/www.mezeskalacs-ovoda.hu\/index.php?rest_route=\/wp\/v2\/users\/5"}],"replies":[{"embeddable":true,"href":"https:\/\/www.mezeskalacs-ovoda.hu\/index.php?rest_route=%2Fwp%2Fv2%2Fcomments&post=654"}],"version-history":[{"count":4,"href":"https:\/\/www.mezeskalacs-ovoda.hu\/index.php?rest_route=\/wp\/v2\/pages\/654\/revisions"}],"predecessor-version":[{"id":897,"href":"https:\/\/www.mezeskalacs-ovoda.hu\/index.php?rest_route=\/wp\/v2\/pages\/654\/revisions\/897"}],"wp:attachment":[{"href":"https:\/\/www.mezeskalacs-ovoda.hu\/index.php?rest_route=%2Fwp%2Fv2%2Fmedia&parent=654"}],"curies":[{"name":"wp","href":"https:\/\/api.w.org\/{rel}","templated":true}]}}

Beszoktatás

<p align="center">
	<a href="http://www.mezeskalacs-ovoda.hu/wp-content/uploads/2015/03/can-stock-photo_csp7498887.jpg"><img loading="lazy" alt="can-stock-photo_csp7498887" class="alignnone size-thumbnail wp-image-764" height="150" src="http://www.mezeskalacs-ovoda.hu/wp-content/uploads/2015/03/can-stock-photo_csp7498887-150x150.jpg" style="float: left;" width="150" /></a>
</p>
<p align="center">
	<span style="font-size:12px;"><span style="font-family: georgia,serif;"><span style="font-size:16px;">B&ouml;lcsis beszoktat&aacute;s</span></span></span>
</p>
<p>
	<span style="font-size:12px;"><span style="font-family: georgia,serif;">Manaps&aacute;g a b&ouml;lcsőde nagyon fontos szerepet t&ouml;lt be gyermekeink nevel&eacute;s&eacute;ben. Az &oacute;vod&aacute;val &ouml;sszehasonl&iacute;tva sz&aacute;mos r&eacute;szletben k&uuml;l&ouml;nb&ouml;zik a b&ouml;lcsőde, nem utols&oacute; sorban a beszoktat&aacute;s is m&aacute;sk&eacute;ppen zajlik.</span></span>
</p>
<p>
	<span style="font-size:12px;"><span style="font-family: georgia,serif;">A b&ouml;lcsőd&eacute;ben saj&aacute;t gondoz&oacute;nő rendszer- saj&aacute;t gyermekrendszer- műk&ouml;dik. Ez azt jelenti, hogy a gondoz&oacute;nő, aki a gyermeket beszoktatta, ő viszi v&eacute;gig az &oacute;vod&aacute;ba menetelig. Kialakul ek&ouml;zben egy olyan bizalmi viszony a gyermek &eacute;s a gondoz&oacute;nő k&ouml;z&ouml;tt, hogy b&aacute;rmilyen probl&eacute;m&aacute;val a gyermek b&aacute;tran fordul a felnőtt fel&eacute;.</span></span>
</p>
<p>
	<span style="font-size:12px;"><span style="font-family: georgia,serif;">&Aacute;ltal&aacute;ban k&eacute;t h&eacute;t, de a gyermek ig&eacute;nyeit &eacute;s a sz&uuml;lő idej&eacute;t figyelembe v&eacute;ve a munk&aacute;ba &aacute;ll&aacute;shoz k&eacute;pest, ez lehet r&ouml;videbb vagy hosszabb időtartam&uacute;.</span></span>
</p>
<p>
	<span style="font-size:12px;"><span style="font-family: georgia,serif;">Az első 4-5 napban csak 1-2 &oacute;r&aacute;t tart&oacute;zkodik itt a gyermek a sz&uuml;lővel egy&uuml;tt. 3.-4. nap pr&oacute;b&aacute;lkozunk meg elősz&ouml;r azzal, r&ouml;vid időre kik&uuml;ldj&uuml;k a csoportszob&aacute;b&oacute;l a sz&uuml;lőt. Ekkor m&aacute;r itt is eb&eacute;del a gyermek, ha sz&uuml;ks&eacute;ges, akkor a sz&uuml;lővel, ha nem akkor a gondoz&oacute;nőj&eacute;vel. Ezut&aacute;n fokozatosan egyre t&ouml;bb időt t&ouml;lt el a sz&uuml;lő n&eacute;lk&uuml;l. &Aacute;ltal&aacute;ban a m&aacute;sodik h&eacute;t v&eacute;g&eacute;re &eacute;rj&uuml;k el azt, hogy itt is alszik a b&ouml;lcsőd&eacute;ben.</span></span>
</p>
<p>
	<span style="font-size:12px;"><span style="font-family: georgia,serif;">A gyermek &eacute;let&eacute;ben fontos szerepet t&ouml;ltenek be az otthonr&oacute;l hozott j&aacute;t&eacute;kok, &bdquo;otthonp&oacute;tl&oacute;&rdquo;t&aacute;rgyak, amik seg&iacute;tik az elv&aacute;l&aacute;sn&aacute;l &eacute;s a beszoktat&aacute;sn&aacute;l.</span></span>
</p>
<p>
	<span style="font-size:12px;"><span style="font-family: georgia,serif;">Hasznos lehet, ha m&aacute;r b&ouml;lcsőd&eacute;be ker&uuml;l&eacute;s előtt j&aacute;tsz&oacute;h&aacute;zba, k&ouml;z&ouml;s csoportos foglalkoz&aacute;sokra vissz&uuml;k gyermek&uuml;nket. Mindenk&eacute;ppen aj&aacute;nlatos a b&ouml;lcsi megkezd&eacute;se előtt, hogy ismerkedjen m&aacute;s gyermekk&ouml;z&ouml;ss&eacute;gekkel. Az is seg&iacute;theti az elv&aacute;l&aacute;st, ha m&aacute;s felnőttekkel is l&eacute;tes&iacute;t kapcsolatot pl: nagysz&uuml;lőkn&eacute;l t&ouml;lt hossz&uacute; h&eacute;tv&eacute;g&eacute;t, sz&uuml;lők elfoglalts&aacute;ga miatt m&aacute;s felnőtt vigy&aacute;zzon r&aacute;.</span></span>
</p>
<p>
	<span style="font-size:12px;"><span style="font-family: georgia,serif;"><u><span style="font-size:14px;">Apr&oacute; r&eacute;szletek a beszoktat&aacute;s alatt:</span></u></span></span>
</p>
<ul>
<li>
		<span style="font-size:12px;"><span style="font-family: georgia,serif;">Az az ide&aacute;lis, ha a beszoktat&aacute;s alatt mindig ugyanaz a szem&eacute;ly k&iacute;s&eacute;ri el a gyermeket</span></span>
	</li>
<li>
		<span style="font-size:12px;"><span style="font-family: georgia,serif;">Nehez&iacute;ti a beszoktat&aacute;s menet&eacute;t az &eacute;desanya szorong&aacute;sa, vagy ha a gyermek s&iacute;rni l&aacute;tja</span></span>
	</li>
<li>
		<span style="font-size:12px;"><span style="font-family: georgia,serif;">A beszoktat&aacute;sn&aacute;l ne a nagyobb testv&eacute;rrel menjen el, mikor behozza a kicsit</span></span>
	</li>
<li>
		<span style="font-size:12px;"><span style="font-family: georgia,serif;">Lehetős&eacute;g szerint a kedvenc alv&oacute;s &aacute;llatka, cumi ne maradjon otthon</span></span>
	</li>
<li>
		<span style="font-size:12px;"><span style="font-family: georgia,serif;">A b&ouml;csőd&eacute;be val&oacute; beszoktat&aacute;s előtt aj&aacute;nlatos leszoktatni fokozatosan a gyermeket a szoptat&aacute;sr&oacute;l, mivel lelkileg jobban megviseli az elv&aacute;l&aacute;s</span></span>
	</li>
<li>
		<span style="font-size:12px;"><span style="font-family: georgia,serif;">Ne n&eacute;h&aacute;ny nappal a b&ouml;lcsőde megkezd&eacute;se előtt vonja meg a sz&uuml;lő a cumit vagy az ujjszop&aacute;st a gyermektől</span></span>
	</li>
<li>
		<span style="font-size:12px;"><span style="font-family: georgia,serif;">A sz&uuml;lő minden esetben biztos&iacute;tsa gyermek&eacute;t arr&oacute;l, hogy mindenk&eacute;ppen j&ouml;n &eacute;rte bizonyos napirendi pontokhoz k&eacute;pest pl. uzsonna ut&aacute;n</span></span>
	</li>
<li>
		<span style="font-size:12px;"><span style="font-family: georgia,serif;">Csal&aacute;dl&aacute;togat&aacute;s kapcsolatfelv&eacute;tel a gondoz&oacute;nővel a gyermek otthon&aacute;ban</span></span>
	</li>
</ul>
<p>
	<u><span style="font-size:14px;"><span style="font-family: georgia,serif;">Mi okozhat kiz&ouml;kken&eacute;st a beszoktat&aacute;sn&aacute;l?</span></span></u>
</p>
<p>
	<span style="font-size:12px;"><span style="font-family: georgia,serif;">&#8211; A hossz&uacute; hi&aacute;nyz&aacute;s<br />
	&#8211; A beszoktat&aacute;s alatt ak&aacute;r 1-2 nap kies&eacute;s<br />
	&#8211; Csal&aacute;di k&ouml;r&uuml;lm&eacute;nyekbe t&ouml;rt&eacute;nő v&aacute;ltoz&aacute;s<br />
	&#8211; Kistestv&eacute;r sz&uuml;let&eacute;se<br />
	&#8211; K&ouml;lt&ouml;z&eacute;s<br />
	&#8211; Valamilyen sz&uuml;lő elutaz&aacute;sa<br />
	&#8211; Reggeli elindul&aacute;s</span></span>
</p>
<p>
	<u><span style="font-size:14px;"><span style="font-family: georgia,serif;">Kire mire mondjuk, hogy &bdquo;beszokott b&ouml;lcsis&rdquo; ?</span></span></u>
</p>
<p>
	<span style="font-size:12px;"><span style="font-family: georgia,serif;">Aki j&oacute; alakit ki gondoz&oacute;nőj&eacute;vel, egy&uuml;ttműk&ouml;dő a gondoz&aacute;si műveletek k&ouml;zben. J&oacute;l &eacute;rzi mag&aacute;t, tev&eacute;kenyen j&aacute;tszik eg&eacute;sz nap fog&eacute;kony az &uacute;j ismeretek befogad&aacute;s&aacute;ra, t&aacute;rsai fel&eacute; nyitott.</span></span>
</p>
<p>
	<span style="font-size:12px;"><span style="font-family: georgia,serif;">A tapasztalatok &eacute;s az &oacute;v&oacute;nők visszajelz&eacute;se alapj&aacute;n az esetek t&ouml;bbs&eacute;g&eacute;ben mindenk&eacute;ppen k&ouml;nnyebben szoknak be azok a gyerekek az &oacute;vodai k&ouml;z&ouml;ss&eacute;gben, akik b&ouml;lcsőd&eacute;ben j&aacute;rtak. N&aacute;luk m&aacute;r megkezdődik az &ouml;n&aacute;ll&oacute;sod&aacute;s folyamata az &eacute;tkez&eacute;sben, &ouml;lt&ouml;zk&ouml;d&eacute;s ter&eacute;n. Az is előnyt jelent sz&aacute;mukra, hogy m&aacute;r kort&aacute;rs csoportban, j&oacute;l kialak&iacute;tott napirend szerint &eacute;ltek, ami n&ouml;velte biztons&aacute;g&eacute;rzet&uuml;ket.</span></span></p>

<div class="mh-excerpt"><p>B&ouml;lcsis beszoktat&aacute;s Manaps&aacute;g a b&ouml;lcsőde nagyon fontos szerepet t&ouml;lt be gyermekeink nevel&eacute;s&eacute;ben. Az &oacute;vod&aacute;val &ouml;sszehasonl&iacute;tva sz&aacute;mos r&eacute;szletben k&uuml;l&ouml;nb&ouml;zik a b&ouml;lcsőde, nem utols&oacute; sorban a beszoktat&aacute;s <a class="mh-excerpt-more" href="https://www.mezeskalacs-ovoda.hu/?page_id=654" title="Beszoktatás">[&#8230;]</a></p>
</div>
