{"id":602,"date":"2015-03-03T15:15:37","date_gmt":"2015-03-03T15:15:37","guid":{"rendered":"http:\/\/www.ovoda.abdaiak.hu\/?page_id=602"},"modified":"2025-11-28T12:47:30","modified_gmt":"2025-11-28T12:47:30","slug":"fooldal","status":"publish","type":"page","link":"https:\/\/www.mezeskalacs-ovoda.hu\/","title":{"rendered":"F\u0151oldal"},"content":{"rendered":"<p><a href=\"http:\/\/www.mezeskalacs-ovoda.hu\/wp-content\/uploads\/2013\/11\/cropped-P1170197-e1425472926684.jpg\"><img loading=\"lazy\" src=\"http:\/\/www.mezeskalacs-ovoda.hu\/wp-content\/uploads\/2013\/11\/cropped-P1170197-e1425472926684.jpg\" alt=\"cropped-P1170197.jpg\" width=\"620\" height=\"206\"><\/a><br><strong>M\u00e9zeskal\u00e1cs K\u00f6rzeti Napk\u00f6zi Otthonos \u00d3voda \u00e9s B\u00f6lcs\u0151de<\/strong><\/p>\n<p>9151 Abda Szent Imre utca 2.<br><em>Telefon:<\/em> 06-96\/350-349<br><em>E-mail:<\/em> <strong><a href=\"mailto:ovoda@abda.hu\">ovoda@abda.hu<\/a><\/strong>&nbsp;<\/p>\n<hr>\n<p style=\"text-align: center;\"><strong>Szeretettel k\u00f6sz\u00f6nt\u00f6m \u00d6n\u00f6ket<br>az abdai M\u00e9zeskal\u00e1cs K\u00f6rzeti Napk\u00f6zi Otthonos \u00d3voda \u00e9s B\u00f6lcs\u0151de honlapj\u00e1n!<\/strong>&nbsp;<\/p>\n<p>\u00d3vod\u00e1nk Abda k\u00f6zs\u00e9gben, egy nyugodt, csendes utc\u00e1ban tal\u00e1lhat\u00f3. Gy\u00f6ny\u00f6r\u0171en fel\u00faj\u00edtott, korszer\u0171 \u00e9p\u00fcletben v\u00e1rjuk gyermekeinket. Arra t\u00f6reksz\u00fcnk, hogy sz\u00e1mukra nyugodt, kiegyens\u00falyozott, csal\u00e1dias, szeretetteljes, biztons\u00e1gos l\u00e9gk\u00f6rt teremts\u00fcnk, ahol j\u00f3l \u00e9rzik magukat. \u00d3vod\u00e1nkban 5 \u00f3vod\u00e1s \u00e9s 2 b\u00f6lcs\u0151d\u00e9s csoport m\u0171k\u00f6dik. Csoportszob\u00e1ink sz\u00e9pek, eszt\u00e9tikusak, j\u00f3l felszereltek. Gyermekeink eg\u00e9szs\u00e9g\u00e9t szolg\u00e1lja tornaszob\u00e1nk \u00e9s s\u00f3 szob\u00e1nk. Udvarunk j\u00f3 adotts\u00e1gokkal rendelkezik, ahol biztons\u00e1gos k\u00f6r\u00fclm\u00e9nyek k\u00f6z\u00f6tt, megfelel\u0151 mennyis\u00e9g\u0171 hely van gyermekeink sz\u00e1m\u00e1ra a mozg\u00e1shoz, a szabad leveg\u0151n val\u00f3 tart\u00f3zkod\u00e1shoz.<\/p>\n<p>Az \u00f3vod\u00e1nkban a nevel\u00e9s tev\u00e9kenys\u00e9gbe \u00e1gyazva, j\u00e1t\u00e9kon kereszt\u00fcl, sok tapasztalatszerz\u00e9ssel \u00e9s \u00e9lm\u00e9nyszerz\u00e9ssel val\u00f3sul meg. Az \u00f6szt\u00f6n\u00f6s, term\u00e9szetes k\u00edv\u00e1ncsis\u00e1gb\u00f3l ad\u00f3d\u00f3 ismeretszerz\u00e9s fontos szerepet j\u00e1tszik a tanul\u00e1sban. &nbsp;A gyermekeink az ismereteket j\u00e1t\u00e9kos form\u00e1ban tev\u00e9kenyked\u00e9s k\u00f6zben, \u00e9szrev\u00e9tlen\u00fcl saj\u00e1t\u00edtj\u00e1k el. Tapasztalatot szereznek a s\u00e9t\u00e1k, kir\u00e1ndul\u00e1sok, k\u00eds\u00e9rletek \u00e9s k\u00fcl\u00f6nb\u00f6z\u0151 tev\u00e9kenys\u00e9gek alkalm\u00e1val. Gyermekeink k\u00e9pess\u00e9geinek fejleszt\u00e9s\u00e9t kiemelt feladatunknak tekintj\u00fck. Hangs\u00falyt fektet\u00fcnk a k\u00f6rnyezettudatos feln\u0151tt\u00e9 v\u00e1l\u00e1s megalapoz\u00e1s\u00e1ra, a kl\u00edmatudatos gondolkod\u00e1sm\u00f3d tov\u00e1bbad\u00e1s\u00e1ra, szok\u00e1saink, hagyom\u00e1nyaink meg\u0151rz\u00e9s\u00e9re, \u00e9rt\u00e9keink tov\u00e1bbad\u00e1s\u00e1ra. \u00d3vodapedag\u00f3gusaink elhivatottak,&nbsp; kompetensen k\u00e9pviselik a gyermekek \u00e9rdekeit. <\/p>\n<p><strong>C\u00e9lunk, hogy a sz\u00fcl\u0151k nyugodtan induljanak munk\u00e1ba, tudv\u00e1n, hogy gyermek\u00fck ell\u00e1t\u00e1s\u00e1r\u00f3l szak\u00e9rt\u0151 pedag\u00f3gusok \u00e9s dajk\u00e1k gondoskodnak. Biztons\u00e1gban tudhatj\u00e1k \u0151ket, \u00e9s gyermekeik j\u00f3l \u00e9rzik magukat.<br><\/strong><\/p>\n<p><em> &#8220;Csin\u00e1ljon b\u00e1rmit, ami nyitogatja szem\u00e9t \u00e9s esz\u00e9t,&nbsp;szapor\u00edtja tapasztalatait. \u0150 azt hiszi, csak j\u00e1tszik. De mi m\u00e1r tudjuk mire megy a j\u00e1t\u00e9k. Arra, hogy e vil\u00e1gban otthonosan mozg\u00f3, eleven esz\u0171 \u00e9s tev\u00e9keny ember v\u00e1lj\u00e9k bel\u0151le.&#8221;&nbsp;<\/em><br><em>&nbsp; &nbsp; &nbsp; &nbsp; &nbsp; &nbsp; &nbsp; &nbsp; &nbsp; &nbsp; &nbsp; &nbsp; &nbsp; &nbsp; &nbsp; &nbsp; &nbsp; &nbsp; &nbsp; &nbsp; &nbsp; &nbsp; &nbsp; &nbsp; &nbsp; &nbsp; &nbsp; &nbsp; &nbsp; &nbsp; &nbsp; &nbsp; &nbsp; &nbsp; &nbsp;&nbsp; &#8211; Varga Domokos &#8211;<\/em><\/p>\n<p style=\"text-align: right;\"><a href=\"http:\/\/www.mezeskalacs-ovoda.hu\/wp-content\/uploads\/2015\/03\/B\u00e1zis\u00f3voda.jpg\"><img loading=\"lazy\" style=\"float: left;\" src=\"http:\/\/www.mezeskalacs-ovoda.hu\/wp-content\/uploads\/2015\/03\/B\u00e1zis\u00f3voda-213x300.jpg\" alt=\"B\u00e1zis\u00f3voda\" width=\"197\" height=\"277\"><\/a><strong>Nagyn\u00e9 Szekeres M\u00e1rta<\/strong><br>f\u0151igazgat\u00f3&nbsp;<\/p>\n<p><\/p>\n<p><\/p>\n<p><\/p>\n\n\n<\/p>\n<p>\n\n\n<p><\/p>","protected":false},"excerpt":{"rendered":"<div class=\"mh-excerpt\"><p>M\u00e9zeskal\u00e1cs K\u00f6rzeti Napk\u00f6zi Otthonos \u00d3voda \u00e9s B\u00f6lcs\u0151de 9151 Abda Szent Imre utca 2.Telefon: 06-96\/350-349E-mail: ovoda@abda.hu&nbsp; Szeretettel k\u00f6sz\u00f6nt\u00f6m \u00d6n\u00f6ketaz abdai M\u00e9zeskal\u00e1cs K\u00f6rzeti Napk\u00f6zi Otthonos \u00d3voda \u00e9s <a class=\"mh-excerpt-more\" href=\"https:\/\/www.mezeskalacs-ovoda.hu\/\" title=\"F\u0151oldal\">[&#8230;]<\/a><\/p>\n<\/div>","protected":false},"author":1,"featured_media":0,"parent":0,"menu_order":0,"comment_status":"open","ping_status":"open","template":"","meta":[],"_links":{"self":[{"href":"https:\/\/www.mezeskalacs-ovoda.hu\/index.php?rest_route=\/wp\/v2\/pages\/602"}],"collection":[{"href":"https:\/\/www.mezeskalacs-ovoda.hu\/index.php?rest_route=\/wp\/v2\/pages"}],"about":[{"href":"https:\/\/www.mezeskalacs-ovoda.hu\/index.php?rest_route=\/wp\/v2\/types\/page"}],"author":[{"embeddable":true,"href":"https:\/\/www.mezeskalacs-ovoda.hu\/index.php?rest_route=\/wp\/v2\/users\/1"}],"replies":[{"embeddable":true,"href":"https:\/\/www.mezeskalacs-ovoda.hu\/index.php?rest_route=%2Fwp%2Fv2%2Fcomments&post=602"}],"version-history":[{"count":49,"href":"https:\/\/www.mezeskalacs-ovoda.hu\/index.php?rest_route=\/wp\/v2\/pages\/602\/revisions"}],"predecessor-version":[{"id":2810,"href":"https:\/\/www.mezeskalacs-ovoda.hu\/index.php?rest_route=\/wp\/v2\/pages\/602\/revisions\/2810"}],"wp:attachment":[{"href":"https:\/\/www.mezeskalacs-ovoda.hu\/index.php?rest_route=%2Fwp%2Fv2%2Fmedia&parent=602"}],"curies":[{"name":"wp","href":"https:\/\/api.w.org\/{rel}","templated":true}]}}

Főoldal

<p><a href="http://www.mezeskalacs-ovoda.hu/wp-content/uploads/2013/11/cropped-P1170197-e1425472926684.jpg"><img loading="lazy" src="http://www.mezeskalacs-ovoda.hu/wp-content/uploads/2013/11/cropped-P1170197-e1425472926684.jpg" alt="cropped-P1170197.jpg" width="620" height="206"></a><br><strong>Mézeskalács Körzeti Napközi Otthonos Óvoda és Bölcsőde</strong></p>
<p>9151 Abda Szent Imre utca 2.<br><em>Telefon:</em> 06-96/350-349<br><em>E-mail:</em> <strong><a href="mailto:ovoda@abda.hu">ovoda@abda.hu</a></strong>&nbsp;</p>
<hr>
<p style="text-align: center;"><strong>Szeretettel köszöntöm Önöket<br>az abdai Mézeskalács Körzeti Napközi Otthonos Óvoda és Bölcsőde honlapján!</strong>&nbsp;</p>
<p>Óvodánk Abda községben, egy nyugodt, csendes utcában található. Gyönyörűen felújított, korszerű épületben várjuk gyermekeinket. Arra törekszünk, hogy számukra nyugodt, kiegyensúlyozott, családias, szeretetteljes, biztonságos légkört teremtsünk, ahol jól érzik magukat. Óvodánkban 5 óvodás és 2 bölcsődés csoport működik. Csoportszobáink szépek, esztétikusak, jól felszereltek. Gyermekeink egészségét szolgálja tornaszobánk és só szobánk. Udvarunk jó adottságokkal rendelkezik, ahol biztonságos körülmények között, megfelelő mennyiségű hely van gyermekeink számára a mozgáshoz, a szabad levegőn való tartózkodáshoz.</p>
<p>Az óvodánkban a nevelés tevékenységbe ágyazva, játékon keresztül, sok tapasztalatszerzéssel és élményszerzéssel valósul meg. Az ösztönös, természetes kíváncsiságból adódó ismeretszerzés fontos szerepet játszik a tanulásban. &nbsp;A gyermekeink az ismereteket játékos formában tevékenykedés közben, észrevétlenül sajátítják el. Tapasztalatot szereznek a séták, kirándulások, kísérletek és különböző tevékenységek alkalmával. Gyermekeink képességeinek fejlesztését kiemelt feladatunknak tekintjük. Hangsúlyt fektetünk a környezettudatos felnőtté válás megalapozására, a klímatudatos gondolkodásmód továbbadására, szokásaink, hagyományaink megőrzésére, értékeink továbbadására. Óvodapedagógusaink elhivatottak,&nbsp; kompetensen képviselik a gyermekek érdekeit. </p>
<p><strong>Célunk, hogy a szülők nyugodtan induljanak munkába, tudván, hogy gyermekük ellátásáról szakértő pedagógusok és dajkák gondoskodnak. Biztonságban tudhatják őket, és gyermekeik jól érzik magukat.<br></strong></p>
<p><em> &#8220;Csináljon bármit, ami nyitogatja szemét és eszét,&nbsp;szaporítja tapasztalatait. Ő azt hiszi, csak játszik. De mi már tudjuk mire megy a játék. Arra, hogy e világban otthonosan mozgó, eleven eszű és tevékeny ember váljék belőle.&#8221;&nbsp;</em><br><em>&nbsp; &nbsp; &nbsp; &nbsp; &nbsp; &nbsp; &nbsp; &nbsp; &nbsp; &nbsp; &nbsp; &nbsp; &nbsp; &nbsp; &nbsp; &nbsp; &nbsp; &nbsp; &nbsp; &nbsp; &nbsp; &nbsp; &nbsp; &nbsp; &nbsp; &nbsp; &nbsp; &nbsp; &nbsp; &nbsp; &nbsp; &nbsp; &nbsp; &nbsp; &nbsp;&nbsp; &#8211; Varga Domokos &#8211;</em></p>
<p style="text-align: right;"><a href="http://www.mezeskalacs-ovoda.hu/wp-content/uploads/2015/03/Bázisóvoda.jpg"><img loading="lazy" style="float: left;" src="http://www.mezeskalacs-ovoda.hu/wp-content/uploads/2015/03/Bázisóvoda-213x300.jpg" alt="Bázisóvoda" width="197" height="277"></a><strong>Nagyné Szekeres Márta</strong><br>főigazgató&nbsp;</p>
<p></p>
<p></p>
<p></p>


</p>
<p>


<p></p>

<div class="mh-excerpt"><p>Mézeskalács Körzeti Napközi Otthonos Óvoda és Bölcsőde 9151 Abda Szent Imre utca 2.Telefon: 06-96/350-349E-mail: ovoda@abda.hu&nbsp; Szeretettel köszöntöm Önöketaz abdai Mézeskalács Körzeti Napközi Otthonos Óvoda és <a class="mh-excerpt-more" href="https://www.mezeskalacs-ovoda.hu/" title="Főoldal">[&#8230;]</a></p>
</div>
