{"id":590,"date":"2015-03-03T15:10:49","date_gmt":"2015-03-03T15:10:49","guid":{"rendered":"http:\/\/www.ovoda.abdaiak.hu\/?page_id=590"},"modified":"2023-11-03T12:07:23","modified_gmt":"2023-11-03T12:07:23","slug":"bolcsi-hirek","status":"publish","type":"page","link":"https:\/\/www.mezeskalacs-ovoda.hu\/?page_id=590","title":{"rendered":"B\u00f6lcsi h\u00edrek"},"content":{"rendered":"\t\t<div data-elementor-type=\"wp-page\" data-elementor-id=\"590\" class=\"elementor elementor-590\">\n\t\t\t\t\t\t<div class=\"elementor-inner\">\n\t\t\t\t<div class=\"elementor-section-wrap\">\n\t\t\t\t\t\t\t\t\t<section class=\"elementor-section elementor-top-section elementor-element elementor-element-5314fc3d elementor-section-boxed elementor-section-height-default elementor-section-height-default\" data-id=\"5314fc3d\" data-element_type=\"section\">\n\t\t\t\t\t\t<div class=\"elementor-container elementor-column-gap-default\">\n\t\t\t\t\t\t\t<div class=\"elementor-row\">\n\t\t\t\t\t<div class=\"elementor-column elementor-col-100 elementor-top-column elementor-element elementor-element-3719a155\" data-id=\"3719a155\" data-element_type=\"column\">\n\t\t\t<div class=\"elementor-column-wrap elementor-element-populated\">\n\t\t\t\t\t\t\t<div class=\"elementor-widget-wrap\">\n\t\t\t\t\t\t<div class=\"elementor-element elementor-element-505c1f0f elementor-widget elementor-widget-text-editor\" data-id=\"505c1f0f\" data-element_type=\"widget\" data-widget_type=\"text-editor.default\">\n\t\t\t\t<div class=\"elementor-widget-container\">\n\t\t\t\t\t\t\t\t<div class=\"elementor-text-editor elementor-clearfix\">\n\t\t\t\t<hr \/><p align=\"center\"><span style=\"color: #006400;\"><span style=\"font-family: lucida sans unicode,lucida grande,sans-serif;\"><strong><span style=\"font-size: 14px;\">\u0150szb\u00facs\u00faztat\u00f3 a b\u00f6lcs\u0151d\u00e9ben<\/span><\/strong><\/span><\/span><\/p><p><span style=\"color: #006400;\"><span style=\"font-family: lucida sans unicode,lucida grande,sans-serif;\">2023 11. 07.-\u00e9n d\u00e9lut\u00e1n a sz\u00fcl\u0151kkel tartottuk meg b\u00f6lcs\u0151d\u00e9nkben az \u0151szi fesztiv\u00e1lt. \u0150szi term\u00e9nyekkel d\u00edsz\u00edtett\u00fck fel a csoport szob\u00e1t. A katica csoportban megter\u00edtett asztaln\u00e1l, \u00fcd\u00edt\u0151, s\u00fctem\u00e9ny, k\u00fcl\u00f6nf\u00e9le \u0151szi term\u00e9nyek \u00e9s sok m\u00e1s finoms\u00e1g v\u00e1rta a gyerekeket.<\/span><\/span><\/p><hr \/><p align=\"center\">\u00a0<\/p>\t\t\t\t\t<\/div>\n\t\t\t\t\t\t<\/div>\n\t\t\t\t<\/div>\n\t\t\t\t\t\t<\/div>\n\t\t\t\t\t<\/div>\n\t\t<\/div>\n\t\t\t\t\t\t\t\t<\/div>\n\t\t\t\t\t<\/div>\n\t\t<\/section>\n\t\t\t\t\t\t\t\t\t<\/div>\n\t\t\t<\/div>\n\t\t\t\t\t<\/div>\n\t\t","protected":false},"excerpt":{"rendered":"<div class=\"mh-excerpt\"><p>\u0150szb\u00facs\u00faztat\u00f3 a b\u00f6lcs\u0151d\u00e9ben 2023 11. 07.-\u00e9n d\u00e9lut\u00e1n a sz\u00fcl\u0151kkel tartottuk meg b\u00f6lcs\u0151d\u00e9nkben az \u0151szi fesztiv\u00e1lt. \u0150szi term\u00e9nyekkel d\u00edsz\u00edtett\u00fck fel a csoport szob\u00e1t. A katica csoportban <a class=\"mh-excerpt-more\" href=\"https:\/\/www.mezeskalacs-ovoda.hu\/?page_id=590\" title=\"B\u00f6lcsi h\u00edrek\">[&#8230;]<\/a><\/p>\n<\/div>","protected":false},"author":1,"featured_media":0,"parent":0,"menu_order":0,"comment_status":"open","ping_status":"open","template":"","meta":[],"_links":{"self":[{"href":"https:\/\/www.mezeskalacs-ovoda.hu\/index.php?rest_route=\/wp\/v2\/pages\/590"}],"collection":[{"href":"https:\/\/www.mezeskalacs-ovoda.hu\/index.php?rest_route=\/wp\/v2\/pages"}],"about":[{"href":"https:\/\/www.mezeskalacs-ovoda.hu\/index.php?rest_route=\/wp\/v2\/types\/page"}],"author":[{"embeddable":true,"href":"https:\/\/www.mezeskalacs-ovoda.hu\/index.php?rest_route=\/wp\/v2\/users\/1"}],"replies":[{"embeddable":true,"href":"https:\/\/www.mezeskalacs-ovoda.hu\/index.php?rest_route=%2Fwp%2Fv2%2Fcomments&post=590"}],"version-history":[{"count":35,"href":"https:\/\/www.mezeskalacs-ovoda.hu\/index.php?rest_route=\/wp\/v2\/pages\/590\/revisions"}],"predecessor-version":[{"id":2480,"href":"https:\/\/www.mezeskalacs-ovoda.hu\/index.php?rest_route=\/wp\/v2\/pages\/590\/revisions\/2480"}],"wp:attachment":[{"href":"https:\/\/www.mezeskalacs-ovoda.hu\/index.php?rest_route=%2Fwp%2Fv2%2Fmedia&parent=590"}],"curies":[{"name":"wp","href":"https:\/\/api.w.org\/{rel}","templated":true}]}}

Bölcsi hírek

<div data-elementor-type="wp-page" data-elementor-id="590" class="elementor elementor-590">
						<div class="elementor-inner">
				<div class="elementor-section-wrap">
									<section class="elementor-section elementor-top-section elementor-element elementor-element-5314fc3d elementor-section-boxed elementor-section-height-default elementor-section-height-default" data-id="5314fc3d" data-element_type="section">
						<div class="elementor-container elementor-column-gap-default">
							<div class="elementor-row">
					<div class="elementor-column elementor-col-100 elementor-top-column elementor-element elementor-element-3719a155" data-id="3719a155" data-element_type="column">
			<div class="elementor-column-wrap elementor-element-populated">
							<div class="elementor-widget-wrap">
						<div class="elementor-element elementor-element-505c1f0f elementor-widget elementor-widget-text-editor" data-id="505c1f0f" data-element_type="widget" data-widget_type="text-editor.default">
				<div class="elementor-widget-container">
								<div class="elementor-text-editor elementor-clearfix">
				<hr /><p align="center"><span style="color: #006400;"><span style="font-family: lucida sans unicode,lucida grande,sans-serif;"><strong><span style="font-size: 14px;">Őszbúcsúztató a bölcsődében</span></strong></span></span></p><p><span style="color: #006400;"><span style="font-family: lucida sans unicode,lucida grande,sans-serif;">2023 11. 07.-én délután a szülőkkel tartottuk meg bölcsődénkben az őszi fesztivált. Őszi terményekkel díszítettük fel a csoport szobát. A katica csoportban megterített asztalnál, üdítő, sütemény, különféle őszi termények és sok más finomság várta a gyerekeket.</span></span></p><hr /><p align="center"> </p>					</div>
						</div>
				</div>
						</div>
					</div>
		</div>
								</div>
					</div>
		</section>
									</div>
			</div>
					</div>

<div class="mh-excerpt"><p>Őszbúcsúztató a bölcsődében 2023 11. 07.-én délután a szülőkkel tartottuk meg bölcsődénkben az őszi fesztivált. Őszi terményekkel díszítettük fel a csoport szobát. A katica csoportban <a class="mh-excerpt-more" href="https://www.mezeskalacs-ovoda.hu/?page_id=590" title="Bölcsi hírek">[&#8230;]</a></p>
</div>
