{"id":583,"date":"2015-03-03T15:08:58","date_gmt":"2015-03-03T15:08:58","guid":{"rendered":"http:\/\/www.ovoda.abdaiak.hu\/?page_id=583"},"modified":"2023-11-03T12:01:12","modified_gmt":"2023-11-03T12:01:12","slug":"mehecske-csoport","status":"publish","type":"page","link":"https:\/\/www.mezeskalacs-ovoda.hu\/?page_id=583","title":{"rendered":"M\u00e9hecske csoport"},"content":{"rendered":"\t\t<div data-elementor-type=\"wp-page\" data-elementor-id=\"583\" class=\"elementor elementor-583\">\n\t\t\t\t\t\t<div class=\"elementor-inner\">\n\t\t\t\t<div class=\"elementor-section-wrap\">\n\t\t\t\t\t\t\t\t\t<section class=\"elementor-section elementor-top-section elementor-element elementor-element-8aa9ff9 elementor-section-boxed elementor-section-height-default elementor-section-height-default\" data-id=\"8aa9ff9\" data-element_type=\"section\">\n\t\t\t\t\t\t<div class=\"elementor-container elementor-column-gap-default\">\n\t\t\t\t\t\t\t<div class=\"elementor-row\">\n\t\t\t\t\t<div class=\"elementor-column elementor-col-100 elementor-top-column elementor-element elementor-element-ee93713\" data-id=\"ee93713\" data-element_type=\"column\">\n\t\t\t<div class=\"elementor-column-wrap elementor-element-populated\">\n\t\t\t\t\t\t\t<div class=\"elementor-widget-wrap\">\n\t\t\t\t\t\t<div class=\"elementor-element elementor-element-205bc1c0 elementor-widget elementor-widget-text-editor\" data-id=\"205bc1c0\" data-element_type=\"widget\" data-widget_type=\"text-editor.default\">\n\t\t\t\t<div class=\"elementor-widget-container\">\n\t\t\t\t\t\t\t\t<div class=\"elementor-text-editor elementor-clearfix\">\n\t\t\t\t<p><a href=\"http:\/\/www.mezeskalacs-ovoda.hu\/wp-content\/uploads\/2015\/03\/timthumb.jpg\"><img loading=\"lazy\" class=\"alignnone size-thumbnail wp-image-611\" style=\"float: left;\" src=\"http:\/\/www.mezeskalacs-ovoda.hu\/wp-content\/uploads\/2015\/03\/timthumb-150x150.jpg\" alt=\"timthumb\" width=\"150\" height=\"150\" \/><\/a><\/p><p><span style=\"font-size: 14px;\"><span style=\"font-family: georgia,serif;\">\u00a0\u00a0\u00a0\u00a0\u00a0\u00a0 <\/span><\/span><\/p><p><span style=\"font-size: 14px;\"><span style=\"font-family: georgia,serif;\">\u00a0\u00a0\u00a0\u00a0\u00a0\u00a0 Gondoz\u00f3 n\u00e9nik: <span style=\"font-size: 16px;\">D\u00f3sa-Kasz\u00e1s Helga<br \/><\/span><\/span><\/span><\/p><p><span style=\"font-size: 14px;\"><span style=\"font-family: georgia,serif;\"><span style=\"font-size: 16px;\">\u00a0\u00a0\u00a0\u00a0\u00a0\u00a0\u00a0\u00a0\u00a0\u00a0\u00a0\u00a0\u00a0\u00a0\u00a0\u00a0\u00a0\u00a0\u00a0\u00a0\u00a0\u00a0\u00a0\u00a0\u00a0\u00a0\u00a0\u00a0\u00a0\u00a0\u00a0 Emreszn\u00e9 N\u00e9meth Hajnalka<\/span><\/span><\/span><\/p><p><span style=\"font-size: 14px;\"><span style=\"font-family: georgia,serif;\">\u00a0\u00a0\u00a0\u00a0\u00a0\u00a0 Dajka n\u00e9ni: <span style=\"font-size: 16px;\">Gyurasitsn\u00e9 Sz\u00fccs Zsuzsanna<\/span><\/span><\/span><\/p><p>A m\u00e9hecske-csoport f\u00e9r\u0151helyeinek a sz\u00e1ma 12 f\u0151. A csoport \u00f6sszet\u00e9tele vegyes- a tipeg\u0151kt\u0151l a 3 \u00e9ves gyermekig.<br \/>A tipeg\u0151 m\u00e9hecske csoportban j\u00e1r\u00f3 kisgyerekek sz\u00e1m\u00e1ra most ny\u00edlik ki a vil\u00e1g, a gondoz\u00f3 n\u00e9nik seg\u00edts\u00e9g\u00e9vel. Az apr\u00f3 pici gyermekek ig\u00e9nylik a t\u00f6bbsz\u00f6ri \u00f6lbe v\u00e9telt a nap folyam\u00e1n mely biztat\u00e1st, b\u00e1tor\u00edt\u00e1st jelent sz\u00e1mukra. Szeretik a k\u00e9pes sz\u00ednes mesek\u00f6nyveket, mindenf\u00e9le cs\u00f6rg\u0151-z\u00f6rg\u0151 j\u00e1t\u00e9kokat. Az \u0151szi napirendhez igazodva kevesebb id\u0151t tart\u00f3zkodunk az udvaron. Helyette foglalkoz\u00e1sokon vesznek r\u00e9szt a gyerekek.(tornaszoba, s\u00f3 szoba, gy\u00fcm\u00f6lcsnap)<\/p><p><a href=\"http:\/\/www.mezeskalacs-ovoda.hu\/?attachment_id=2471\" rel=\"attachment wp-att-2471\"><img loading=\"lazy\" class=\"alignnone size-large wp-image-2471\" src=\"http:\/\/www.mezeskalacs-ovoda.hu\/wp-content\/uploads\/2023\/11\/380851069_177476901985332_7253117693738785780_n-768x1024.jpg\" alt=\"\" width=\"768\" height=\"1024\" srcset=\"https:\/\/www.mezeskalacs-ovoda.hu\/wp-content\/uploads\/2023\/11\/380851069_177476901985332_7253117693738785780_n-768x1024.jpg 768w, https:\/\/www.mezeskalacs-ovoda.hu\/wp-content\/uploads\/2023\/11\/380851069_177476901985332_7253117693738785780_n-225x300.jpg 225w, https:\/\/www.mezeskalacs-ovoda.hu\/wp-content\/uploads\/2023\/11\/380851069_177476901985332_7253117693738785780_n-1152x1536.jpg 1152w, https:\/\/www.mezeskalacs-ovoda.hu\/wp-content\/uploads\/2023\/11\/380851069_177476901985332_7253117693738785780_n.jpg 1500w\" sizes=\"(max-width: 768px) 100vw, 768px\" \/><\/a><\/p>\t\t\t\t\t<\/div>\n\t\t\t\t\t\t<\/div>\n\t\t\t\t<\/div>\n\t\t\t\t\t\t<\/div>\n\t\t\t\t\t<\/div>\n\t\t<\/div>\n\t\t\t\t\t\t\t\t<\/div>\n\t\t\t\t\t<\/div>\n\t\t<\/section>\n\t\t\t\t\t\t\t\t\t<\/div>\n\t\t\t<\/div>\n\t\t\t\t\t<\/div>\n\t\t","protected":false},"excerpt":{"rendered":"<div class=\"mh-excerpt\"><p>\u00a0\u00a0\u00a0\u00a0\u00a0\u00a0 \u00a0\u00a0\u00a0\u00a0\u00a0\u00a0 Gondoz\u00f3 n\u00e9nik: D\u00f3sa-Kasz\u00e1s Helga \u00a0\u00a0\u00a0\u00a0\u00a0\u00a0\u00a0\u00a0\u00a0\u00a0\u00a0\u00a0\u00a0\u00a0\u00a0\u00a0\u00a0\u00a0\u00a0\u00a0\u00a0\u00a0\u00a0\u00a0\u00a0\u00a0\u00a0\u00a0\u00a0\u00a0\u00a0 Emreszn\u00e9 N\u00e9meth Hajnalka \u00a0\u00a0\u00a0\u00a0\u00a0\u00a0 Dajka n\u00e9ni: Gyurasitsn\u00e9 Sz\u00fccs Zsuzsanna A m\u00e9hecske-csoport f\u00e9r\u0151helyeinek a sz\u00e1ma 12 f\u0151. A csoport <a class=\"mh-excerpt-more\" href=\"https:\/\/www.mezeskalacs-ovoda.hu\/?page_id=583\" title=\"M\u00e9hecske csoport\">[&#8230;]<\/a><\/p>\n<\/div>","protected":false},"author":1,"featured_media":0,"parent":0,"menu_order":0,"comment_status":"open","ping_status":"open","template":"","meta":[],"_links":{"self":[{"href":"https:\/\/www.mezeskalacs-ovoda.hu\/index.php?rest_route=\/wp\/v2\/pages\/583"}],"collection":[{"href":"https:\/\/www.mezeskalacs-ovoda.hu\/index.php?rest_route=\/wp\/v2\/pages"}],"about":[{"href":"https:\/\/www.mezeskalacs-ovoda.hu\/index.php?rest_route=\/wp\/v2\/types\/page"}],"author":[{"embeddable":true,"href":"https:\/\/www.mezeskalacs-ovoda.hu\/index.php?rest_route=\/wp\/v2\/users\/1"}],"replies":[{"embeddable":true,"href":"https:\/\/www.mezeskalacs-ovoda.hu\/index.php?rest_route=%2Fwp%2Fv2%2Fcomments&post=583"}],"version-history":[{"count":33,"href":"https:\/\/www.mezeskalacs-ovoda.hu\/index.php?rest_route=\/wp\/v2\/pages\/583\/revisions"}],"predecessor-version":[{"id":2474,"href":"https:\/\/www.mezeskalacs-ovoda.hu\/index.php?rest_route=\/wp\/v2\/pages\/583\/revisions\/2474"}],"wp:attachment":[{"href":"https:\/\/www.mezeskalacs-ovoda.hu\/index.php?rest_route=%2Fwp%2Fv2%2Fmedia&parent=583"}],"curies":[{"name":"wp","href":"https:\/\/api.w.org\/{rel}","templated":true}]}}