{"id":559,"date":"2015-03-03T14:45:46","date_gmt":"2015-03-03T14:45:46","guid":{"rendered":"http:\/\/www.ovoda.abdaiak.hu\/?page_id=559"},"modified":"2023-11-03T12:37:39","modified_gmt":"2023-11-03T12:37:39","slug":"ovi-hirek","status":"publish","type":"page","link":"https:\/\/www.mezeskalacs-ovoda.hu\/?page_id=559","title":{"rendered":"Ovi h\u00edrek"},"content":{"rendered":"\t\t<div data-elementor-type=\"wp-page\" data-elementor-id=\"559\" class=\"elementor elementor-559\">\n\t\t\t\t\t\t<div class=\"elementor-inner\">\n\t\t\t\t<div class=\"elementor-section-wrap\">\n\t\t\t\t\t\t\t\t\t<section class=\"elementor-section elementor-top-section elementor-element elementor-element-288afbda elementor-section-boxed elementor-section-height-default elementor-section-height-default\" data-id=\"288afbda\" data-element_type=\"section\">\n\t\t\t\t\t\t<div class=\"elementor-container elementor-column-gap-default\">\n\t\t\t\t\t\t\t<div class=\"elementor-row\">\n\t\t\t\t\t<div class=\"elementor-column elementor-col-100 elementor-top-column elementor-element elementor-element-348e690b\" data-id=\"348e690b\" data-element_type=\"column\">\n\t\t\t<div class=\"elementor-column-wrap elementor-element-populated\">\n\t\t\t\t\t\t\t<div class=\"elementor-widget-wrap\">\n\t\t\t\t\t\t<div class=\"elementor-element elementor-element-66798949 elementor-widget elementor-widget-text-editor\" data-id=\"66798949\" data-element_type=\"widget\" data-widget_type=\"text-editor.default\">\n\t\t\t\t<div class=\"elementor-widget-container\">\n\t\t\t\t\t\t\t\t<div class=\"elementor-text-editor elementor-clearfix\">\n\t\t\t\t<p style=\"text-align: center;\"><strong>Kuty\u00e1s bemutat\u00f3 az \u00f3vod\u00e1ban<\/strong><\/p><p>A WOLF-K9 SE kutyaiskola bemutat\u00f3t tartott a gyerekeknek a kuty\u00e1k nevel\u00e9s\u00e9r\u0151l, tan\u00edt\u00e1s\u00e1r\u00f3l. Mes\u00e9ltek arr\u00f3l, hogy kell a kuty\u00e1kkal ismerkedni, mit lehet \u00e9s mit nem. A j\u00e1t\u00e9kos feladatokat nagyon \u00e9lvezt\u00e9k a gyerekek \u00e9s a kuty\u00e1k egyar\u00e1nt.<a href=\"http:\/\/www.mezeskalacs-ovoda.hu\/?attachment_id=2487\" rel=\"attachment wp-att-2487\"><img loading=\"lazy\" class=\"size-thumbnail wp-image-2487 alignright\" src=\"http:\/\/www.mezeskalacs-ovoda.hu\/wp-content\/uploads\/2023\/11\/DSC04716-150x150.jpg\" alt=\"\" width=\"150\" height=\"150\" \/><\/a><\/p><h4 style=\"text-align: center;\">\u00a0<\/h4><h4>\u00a0<\/h4><h4>\u00a0<\/h4><h4>\u00a0<\/h4><h4 style=\"text-align: center;\"><span style=\"font-size: 16px;\"><span style=\"font-family: georgia,serif;\"><strong>Szent Mih\u00e1ly nap<\/strong><\/span><\/span><\/h4><p style=\"text-align: left;\"><span style=\"font-size: 16px;\"><span style=\"font-family: georgia,serif;\">Abd\u00e1n m\u00e1r hagyom\u00e1nny\u00e1 v\u00e1lt, hogy Szent Mih\u00e1ly Nap alkalm\u00e1val b\u00f6lcs\u0151d\u00e9seink \u00e9s \u00f3vod\u00e1saink r\u00f6vid kis m\u0171sorral fell\u00e9pnek a K\u00f6zs\u00e9gh\u00e1za sz\u00ednpad\u00e1n.<\/span><\/span><\/p><p><a href=\"http:\/\/www.mezeskalacs-ovoda.hu\/?attachment_id=2454\" rel=\"attachment wp-att-2454\"><img loading=\"lazy\" class=\"size-thumbnail wp-image-2454 alignleft\" src=\"http:\/\/www.mezeskalacs-ovoda.hu\/wp-content\/uploads\/2023\/11\/383993235_838270251632088_4021746319657056635_n-150x150.jpg\" alt=\"\" width=\"150\" height=\"150\" \/><\/a> <a href=\"http:\/\/www.mezeskalacs-ovoda.hu\/?attachment_id=2455\" rel=\"attachment wp-att-2455\"><img loading=\"lazy\" class=\"wp-image-2455 size-thumbnail alignleft\" src=\"http:\/\/www.mezeskalacs-ovoda.hu\/wp-content\/uploads\/2023\/11\/384486134_838273631631750_8692366150872554210_n-150x150.jpg\" alt=\"\" width=\"150\" height=\"150\" \/><\/a> <a href=\"http:\/\/www.mezeskalacs-ovoda.hu\/?attachment_id=2456\" rel=\"attachment wp-att-2456\"><img loading=\"lazy\" class=\"wp-image-2456 size-thumbnail alignleft\" src=\"http:\/\/www.mezeskalacs-ovoda.hu\/wp-content\/uploads\/2023\/11\/385036449_838268651632248_6351186868618257954_n-150x150.jpg\" alt=\"\" width=\"150\" height=\"150\" \/><\/a> <a href=\"http:\/\/www.mezeskalacs-ovoda.hu\/?attachment_id=2457\" rel=\"attachment wp-att-2457\"><img loading=\"lazy\" class=\"wp-image-2457 size-thumbnail alignleft\" src=\"http:\/\/www.mezeskalacs-ovoda.hu\/wp-content\/uploads\/2023\/11\/385048795_838268138298966_3278701683452271508_n-150x150.jpg\" alt=\"\" width=\"150\" height=\"150\" \/><\/a> <a href=\"http:\/\/www.mezeskalacs-ovoda.hu\/?attachment_id=2458\" rel=\"attachment wp-att-2458\"><img loading=\"lazy\" class=\"wp-image-2458 size-thumbnail alignleft\" src=\"http:\/\/www.mezeskalacs-ovoda.hu\/wp-content\/uploads\/2023\/11\/385880568_838271771631936_1614545129241629678_n-150x150.jpg\" alt=\"\" width=\"150\" height=\"150\" \/><\/a><\/p><div>\u00a0<\/div><div>\u00a0<\/div><div>\u00a0<\/div><div>\u00a0<\/div><div>\u00a0<\/div><div>\u00a0<\/div><div>\u00a0<\/div><div>\u00a0<\/div><div>\u00a0<\/div><div>\u00a0<\/div><div>\u00a0<\/div><div>\u00a0<\/div><div>\u00a0<\/div><div>\u00a0<\/div><div>\u00a0<\/div><div>\u00a0<\/div><hr \/><p style=\"text-align: center;\"><span style=\"font-size: 14px;\"><span style=\"font-family: times new roman,times,serif;\"><a href=\"http:\/\/www.mezeskalacs-ovoda.hu\/?attachment_id=2463\" rel=\"attachment wp-att-2463\"><img loading=\"lazy\" class=\"size-thumbnail wp-image-2463 alignleft\" src=\"http:\/\/www.mezeskalacs-ovoda.hu\/wp-content\/uploads\/2023\/11\/384307746_834893755303071_6646644950275089894_n-150x150.jpg\" alt=\"\" width=\"150\" height=\"150\" \/><\/a>\u00a0\u00a0 Takar\u00edt\u00e1si vil\u00e1gnap<\/span><\/span><\/p><p><span style=\"font-size: 14px;\"><span style=\"font-family: times new roman,times,serif;\">\u00a0\u00a0 Szeptem<\/span><\/span><span style=\"font-size: 14px;\"><span style=\"font-family: times new roman,times,serif;\">ber 15.-e a Takar\u00edt\u00e1s Vil\u00e1gnapja. \u00d3vod\u00e1saink, mint sok-sok \u00e9ve, id\u00e9n is sepr\u0171t, t\u00f6rl\u0151ruh\u00e1t, s\u0151t porsz\u00edv\u00f3t ragadtak, hogy ezen a napon m\u00e9g tiszt\u00e1bb\u00e1, ragyog\u00f3bb\u00e1 var\u00e1zsolj\u00e1k \u00f3vod\u00e1nkat. A kisebbek csoportjukban, a nagyobbak a folyos\u00f3kon is \u00e9s az udvaron is szorgoskodtak. \u00d6sszes\u00f6p\u00f6rt\u00e9k a lehullott faleveleket az udvaron, bej\u00e1rt\u00e1k az \u00f3voda k\u00f6rny\u00e9k\u00e9t szerencs\u00e9re kev\u00e9s hullad\u00e9<\/span><\/span><span style=\"font-size: 14px;\"><span style=\"font-family: times new roman,times,serif;\">kot tal\u00e1lva.\u00a0<\/span><\/span><\/p><hr \/><p align=\"center\">\u00a0<\/p>\t\t\t\t\t<\/div>\n\t\t\t\t\t\t<\/div>\n\t\t\t\t<\/div>\n\t\t\t\t\t\t<\/div>\n\t\t\t\t\t<\/div>\n\t\t<\/div>\n\t\t\t\t\t\t\t\t<\/div>\n\t\t\t\t\t<\/div>\n\t\t<\/section>\n\t\t\t\t\t\t\t\t\t<\/div>\n\t\t\t<\/div>\n\t\t\t\t\t<\/div>\n\t\t","protected":false},"excerpt":{"rendered":"<div class=\"mh-excerpt\"><p>Kuty\u00e1s bemutat\u00f3 az \u00f3vod\u00e1ban A WOLF-K9 SE kutyaiskola bemutat\u00f3t tartott a gyerekeknek a kuty\u00e1k nevel\u00e9s\u00e9r\u0151l, tan\u00edt\u00e1s\u00e1r\u00f3l. Mes\u00e9ltek arr\u00f3l, hogy kell a kuty\u00e1kkal ismerkedni, mit lehet <a class=\"mh-excerpt-more\" href=\"https:\/\/www.mezeskalacs-ovoda.hu\/?page_id=559\" title=\"Ovi h\u00edrek\">[&#8230;]<\/a><\/p>\n<\/div>","protected":false},"author":1,"featured_media":0,"parent":0,"menu_order":0,"comment_status":"open","ping_status":"open","template":"","meta":[],"_links":{"self":[{"href":"https:\/\/www.mezeskalacs-ovoda.hu\/index.php?rest_route=\/wp\/v2\/pages\/559"}],"collection":[{"href":"https:\/\/www.mezeskalacs-ovoda.hu\/index.php?rest_route=\/wp\/v2\/pages"}],"about":[{"href":"https:\/\/www.mezeskalacs-ovoda.hu\/index.php?rest_route=\/wp\/v2\/types\/page"}],"author":[{"embeddable":true,"href":"https:\/\/www.mezeskalacs-ovoda.hu\/index.php?rest_route=\/wp\/v2\/users\/1"}],"replies":[{"embeddable":true,"href":"https:\/\/www.mezeskalacs-ovoda.hu\/index.php?rest_route=%2Fwp%2Fv2%2Fcomments&post=559"}],"version-history":[{"count":205,"href":"https:\/\/www.mezeskalacs-ovoda.hu\/index.php?rest_route=\/wp\/v2\/pages\/559\/revisions"}],"predecessor-version":[{"id":2491,"href":"https:\/\/www.mezeskalacs-ovoda.hu\/index.php?rest_route=\/wp\/v2\/pages\/559\/revisions\/2491"}],"wp:attachment":[{"href":"https:\/\/www.mezeskalacs-ovoda.hu\/index.php?rest_route=%2Fwp%2Fv2%2Fmedia&parent=559"}],"curies":[{"name":"wp","href":"https:\/\/api.w.org\/{rel}","templated":true}]}}

Ovi hírek

<div data-elementor-type="wp-page" data-elementor-id="559" class="elementor elementor-559">
						<div class="elementor-inner">
				<div class="elementor-section-wrap">
									<section class="elementor-section elementor-top-section elementor-element elementor-element-288afbda elementor-section-boxed elementor-section-height-default elementor-section-height-default" data-id="288afbda" data-element_type="section">
						<div class="elementor-container elementor-column-gap-default">
							<div class="elementor-row">
					<div class="elementor-column elementor-col-100 elementor-top-column elementor-element elementor-element-348e690b" data-id="348e690b" data-element_type="column">
			<div class="elementor-column-wrap elementor-element-populated">
							<div class="elementor-widget-wrap">
						<div class="elementor-element elementor-element-66798949 elementor-widget elementor-widget-text-editor" data-id="66798949" data-element_type="widget" data-widget_type="text-editor.default">
				<div class="elementor-widget-container">
								<div class="elementor-text-editor elementor-clearfix">
				<p style="text-align: center;"><strong>Kutyás bemutató az óvodában</strong></p><p>A WOLF-K9 SE kutyaiskola bemutatót tartott a gyerekeknek a kutyák neveléséről, tanításáról. Meséltek arról, hogy kell a kutyákkal ismerkedni, mit lehet és mit nem. A játékos feladatokat nagyon élvezték a gyerekek és a kutyák egyaránt.<a href="http://www.mezeskalacs-ovoda.hu/?attachment_id=2487" rel="attachment wp-att-2487"><img loading="lazy" class="size-thumbnail wp-image-2487 alignright" src="http://www.mezeskalacs-ovoda.hu/wp-content/uploads/2023/11/DSC04716-150x150.jpg" alt="" width="150" height="150" /></a></p><h4 style="text-align: center;"> </h4><h4> </h4><h4> </h4><h4> </h4><h4 style="text-align: center;"><span style="font-size: 16px;"><span style="font-family: georgia,serif;"><strong>Szent Mihály nap</strong></span></span></h4><p style="text-align: left;"><span style="font-size: 16px;"><span style="font-family: georgia,serif;">Abdán már hagyománnyá vált, hogy Szent Mihály Nap alkalmával bölcsődéseink és óvodásaink rövid kis műsorral fellépnek a Községháza színpadán.</span></span></p><p><a href="http://www.mezeskalacs-ovoda.hu/?attachment_id=2454" rel="attachment wp-att-2454"><img loading="lazy" class="size-thumbnail wp-image-2454 alignleft" src="http://www.mezeskalacs-ovoda.hu/wp-content/uploads/2023/11/383993235_838270251632088_4021746319657056635_n-150x150.jpg" alt="" width="150" height="150" /></a> <a href="http://www.mezeskalacs-ovoda.hu/?attachment_id=2455" rel="attachment wp-att-2455"><img loading="lazy" class="wp-image-2455 size-thumbnail alignleft" src="http://www.mezeskalacs-ovoda.hu/wp-content/uploads/2023/11/384486134_838273631631750_8692366150872554210_n-150x150.jpg" alt="" width="150" height="150" /></a> <a href="http://www.mezeskalacs-ovoda.hu/?attachment_id=2456" rel="attachment wp-att-2456"><img loading="lazy" class="wp-image-2456 size-thumbnail alignleft" src="http://www.mezeskalacs-ovoda.hu/wp-content/uploads/2023/11/385036449_838268651632248_6351186868618257954_n-150x150.jpg" alt="" width="150" height="150" /></a> <a href="http://www.mezeskalacs-ovoda.hu/?attachment_id=2457" rel="attachment wp-att-2457"><img loading="lazy" class="wp-image-2457 size-thumbnail alignleft" src="http://www.mezeskalacs-ovoda.hu/wp-content/uploads/2023/11/385048795_838268138298966_3278701683452271508_n-150x150.jpg" alt="" width="150" height="150" /></a> <a href="http://www.mezeskalacs-ovoda.hu/?attachment_id=2458" rel="attachment wp-att-2458"><img loading="lazy" class="wp-image-2458 size-thumbnail alignleft" src="http://www.mezeskalacs-ovoda.hu/wp-content/uploads/2023/11/385880568_838271771631936_1614545129241629678_n-150x150.jpg" alt="" width="150" height="150" /></a></p><div> </div><div> </div><div> </div><div> </div><div> </div><div> </div><div> </div><div> </div><div> </div><div> </div><div> </div><div> </div><div> </div><div> </div><div> </div><div> </div><hr /><p style="text-align: center;"><span style="font-size: 14px;"><span style="font-family: times new roman,times,serif;"><a href="http://www.mezeskalacs-ovoda.hu/?attachment_id=2463" rel="attachment wp-att-2463"><img loading="lazy" class="size-thumbnail wp-image-2463 alignleft" src="http://www.mezeskalacs-ovoda.hu/wp-content/uploads/2023/11/384307746_834893755303071_6646644950275089894_n-150x150.jpg" alt="" width="150" height="150" /></a>   Takarítási világnap</span></span></p><p><span style="font-size: 14px;"><span style="font-family: times new roman,times,serif;">   Szeptem</span></span><span style="font-size: 14px;"><span style="font-family: times new roman,times,serif;">ber 15.-e a Takarítás Világnapja. Óvodásaink, mint sok-sok éve, idén is seprűt, törlőruhát, sőt porszívót ragadtak, hogy ezen a napon még tisztábbá, ragyogóbbá varázsolják óvodánkat. A kisebbek csoportjukban, a nagyobbak a folyosókon is és az udvaron is szorgoskodtak. Összesöpörték a lehullott faleveleket az udvaron, bejárták az óvoda környékét szerencsére kevés hulladé</span></span><span style="font-size: 14px;"><span style="font-family: times new roman,times,serif;">kot találva. </span></span></p><hr /><p align="center"> </p>					</div>
						</div>
				</div>
						</div>
					</div>
		</div>
								</div>
					</div>
		</section>
									</div>
			</div>
					</div>

<div class="mh-excerpt"><p>Kutyás bemutató az óvodában A WOLF-K9 SE kutyaiskola bemutatót tartott a gyerekeknek a kutyák neveléséről, tanításáról. Meséltek arról, hogy kell a kutyákkal ismerkedni, mit lehet <a class="mh-excerpt-more" href="https://www.mezeskalacs-ovoda.hu/?page_id=559" title="Ovi hírek">[&#8230;]</a></p>
</div>
