{"id":533,"date":"2015-03-02T16:07:35","date_gmt":"2015-03-02T16:07:35","guid":{"rendered":"http:\/\/www.ovoda.abdaiak.hu\/?page_id=533"},"modified":"2015-03-13T11:47:55","modified_gmt":"2015-03-13T11:47:55","slug":"ovodank-tortenete","status":"publish","type":"page","link":"https:\/\/www.mezeskalacs-ovoda.hu\/?page_id=533","title":{"rendered":"\u00d3vod\u00e1nk t\u00f6rt\u00e9nete"},"content":{"rendered":"<p>\n\t<a href=\"http:\/\/www.mezeskalacs-ovoda.hu\/wp-content\/uploads\/2015\/03\/haz.gif\"><img loading=\"lazy\" alt=\"haz\" class=\"alignnone size-thumbnail wp-image-731\" height=\"150\" src=\"http:\/\/www.mezeskalacs-ovoda.hu\/wp-content\/uploads\/2015\/03\/haz-150x150.gif\" style=\"float: left;\" width=\"150\" \/><\/a><span style=\"font-size:14px;\"><span style=\"font-family: georgia,serif;\">40 &eacute;v hossz&uacute; id\u0151 egy int&eacute;zm&eacute;ny &eacute;let&eacute;ben. Tal&aacute;n &eacute;rdemes visszapillantani, hogyan is alakult a mi szeretett &bdquo;M&eacute;zeskal&aacute;cs h&aacute;zik&oacute;nk&rdquo; sorsa a kezdetekt\u0151l&hellip;<\/span><\/span>\n<\/p>\n<p>\n\t<span style=\"font-size:14px;\"><span style=\"font-family: georgia,serif;\">Telep&uuml;l&eacute;s&uuml;nk&ouml;n 1974 szeptember&eacute;t\u0151l m\u0171k&ouml;dik &bdquo;&oacute;voda&rdquo;, de az els\u0151 &eacute;vben csup&aacute;n f&eacute;lnapos rendszerben (a gyerekek d&eacute;lben hazamentek) fogadt&aacute;k az iskola el\u0151tt &aacute;ll&oacute; kisgyermekeket. Kezdetleges, minim&aacute;lis felszerel&eacute;ssel, &aacute;m k&eacute;t lelkes dolgoz&oacute;val k&eacute;sz&iacute;tett&eacute;k fel az iskolai &eacute;letm&oacute;dra a&nbsp; mintegy 20 hat&eacute;ves kisgyerekeket, mes&eacute;vel, &eacute;nekkel, rajzol&aacute;ssal, kir&aacute;ndul&aacute;sokkal sz&iacute;nes&iacute;tve a h&eacute;tk&ouml;znapokat.<\/span><\/span>\n<\/p>\n<p>\n\t<span style=\"font-size:14px;\"><span style=\"font-family: georgia,serif;\">Hamar nyilv&aacute;nval&oacute;v&aacute; v&aacute;lt, hogy sz&uuml;ks&eacute;g van j&oacute;l m\u0171k&ouml;d\u0151, szakmailag &ouml;n&aacute;ll&oacute;, eg&eacute;sz napos &oacute;vod&aacute;ra a telep&uuml;l&eacute;sen.<\/span><\/span>\n<\/p>\n<p>\n\t<span style=\"font-size:14px;\"><span style=\"font-family: georgia,serif;\">Az int&eacute;zm&eacute;ny &ndash; imm&aacute;r teljes &eacute;rt&eacute;k\u0171 &oacute;vodak&eacute;nt &#8211; 1975. okt&oacute;ber&eacute;t\u0151l K\u0151v&aacute;ri J&oacute;zsefn&eacute;, mindenki szeretett &Eacute;va n&eacute;nije vezet&eacute;s&eacute;vel, 2 csoporttal, alapvet\u0151 felszerel&eacute;ssel, m\u0171k&ouml;d&ouml;tt. Csak a legsz&uuml;ks&eacute;gesebb b&uacute;torok, kev&eacute;s j&aacute;t&eacute;k, hi&aacute;nyos udvari mozg&aacute;sfejleszt\u0151 eszk&ouml;z&ouml;k &aacute;lltak rendelkez&eacute;sre. Ma m&aacute;r nehezen elk&eacute;pzelhet\u0151 &oacute;ri&aacute;si zs&uacute;folts&aacute;ggal kellett sz&aacute;molniuk: 50 f&eacute;r\u0151helyre 79 gyermeket vettek fel, de 13 kisgyermeket &iacute;gy is el kellett utas&iacute;tani. Az &oacute;voda naponta 9. 5 &oacute;ra, szombatonk&eacute;nt 6 &oacute;ra nyitva tart&aacute;ssal m\u0171k&ouml;d&ouml;tt.<\/span><\/span>\n<\/p>\n<p>\n\t<span style=\"font-size:14px;\"><span style=\"font-family: georgia,serif;\">A nevel&eacute;s f\u0151 c&eacute;lja azonban &#8211; amely az id\u0151k sor&aacute;n nem sokat v&aacute;ltozott &ndash; az iskol&aacute;ra val&oacute; felk&eacute;sz&iacute;t&eacute;s, a testi fejletts&eacute;g biztos&iacute;t&aacute;sa, az &eacute;rzelmi &eacute;s k&ouml;z&ouml;ss&eacute;gi nevel&eacute;s, az eg&eacute;szs&eacute;ges &eacute;letm&oacute;d felt&eacute;teleinek megteremt&eacute;se ma is id\u0151szer\u0171!<\/span><\/span>\n<\/p>\n<p>\n\t<span style=\"font-size:14px;\"><span style=\"font-family: georgia,serif;\">Az els\u0151 &ndash; m&aacute;r hivatalosan is &oacute;vodai tan&eacute;v&eacute;ben &#8211; kiemelt feladatk&eacute;nt jelent meg a beszoktat&aacute;s, hiszen mind a 79 kisgyermek &bdquo;&uacute;j &oacute;vod&aacute;s&rdquo; volt! A foglalkoz&aacute;sok a &bdquo;Rendtart&aacute;sban&rdquo; foglaltak alapj&aacute;n, meghat&aacute;rozott napirend szerint zajlottak. Mivel az &oacute;voda a kezdeti id\u0151kben szer&eacute;ny felszerelts&eacute;ggel m\u0171k&ouml;d&ouml;tt, nagy seg&iacute;ts&eacute;get jelentett &ndash; m&eacute;g hossz&uacute; &eacute;vekig &#8211; a helyi MEZ\u0150G&Eacute;P, az &Aacute;F&Eacute;SZ &eacute;s a Sz&uuml;l\u0151i Munkak&ouml;z&ouml;ss&eacute;g (b&aacute;l, t&aacute;rsadalmi munk&aacute;k) t&aacute;mogat&aacute;sa.<\/span><\/span>\n<\/p>\n<p>\n\t<span style=\"font-size:14px;\"><span style=\"font-family: georgia,serif;\">Az &bdquo;elindul&aacute;st&rdquo; k&ouml;vet\u0151 &eacute;vek a folyamatos fejl\u0151d&eacute;s, gyarapod&aacute;s jegy&eacute;ben zajlottak, meg&eacute;p&uuml;ltek a mell&eacute;khelyis&eacute;gek, sz&eacute;p&uuml;lt, b\u0151v&uuml;lt a felszerel&eacute;s -, &eacute;s eszk&ouml;zk&eacute;szlet. K&uuml;l&ouml;n&ouml;sen az udvar fejleszt&eacute;se volt l&aacute;tv&aacute;nyos: elk&eacute;sz&uuml;lt a homokoz&oacute;, m&aacute;sz&oacute;k&aacute;k, cs&uacute;szda, &eacute;s az elengedhetetlen ker&iacute;t&eacute;s (1977. m&aacute;jus 01. &ndash; re).<\/span><\/span>\n<\/p>\n<p>\n\t<span style=\"font-size:14px;\"><span style=\"font-family: georgia,serif;\">1979-ben k&eacute;sz&uuml;lt el az &oacute;voda b\u0151v&iacute;t&eacute;se. A f&eacute;r\u0151hely ekkorra 100-ra emelkedett, a gyermekek sz&aacute;ma azonban a demogr&aacute;fiai hull&aacute;mnak &eacute;s a Radn&oacute;ti lak&oacute;telep ben&eacute;pes&uuml;l&eacute;s&eacute;nek k&ouml;sz&ouml;nhet\u0151en mind magasabb lett, el&eacute;rte a 150 f\u0151t.<\/span><\/span>\n<\/p>\n<p>\n\t<span style=\"font-size:14px;\"><span style=\"font-family: georgia,serif;\">&Uacute;jabb &aacute;talak&iacute;t&aacute;sra &eacute;s f&eacute;r\u0151helyb\u0151v&iacute;t&eacute;sre az 1982\/83-as tan&eacute;vben ker&uuml;lt sor, ekkor 157 gyermeket l&aacute;tott el az 5 csoportos &oacute;voda. Neh&eacute;z elk&eacute;pzelni, de ak&aacute;r 40 gyermeket is nevelt&uuml;nk egy &#8211; egy korcsoportban!<\/span><\/span>\n<\/p>\n<p>\n\t<span style=\"font-size:14px;\"><span style=\"font-family: georgia,serif;\">A nevel\u0151munk&aacute;t tekintve a k&ouml;vetkez\u0151 &aacute;llom&aacute;s az 1996-ban kiadott program, amelynek saj&aacute;toss&aacute;ga &#8211; a napjainkban is &eacute;rv&eacute;nyes &#8211; k&eacute;tszint\u0171 szab&aacute;lyoz&aacute;s. Ennek els\u0151 szintje az &Oacute;vodai Nevel&eacute;s Orsz&aacute;gos Alapprogramja, amely meghat&aacute;rozza az &oacute;vodai nevel&eacute;s c&eacute;lj&aacute;t, feladatrendszer&eacute;t, az &oacute;voda funkci&oacute;j&aacute;t, tev&eacute;kenys&eacute;gform&aacute;it, az &oacute;vod&aacute;skor v&eacute;g&eacute;re v&aacute;rhat&oacute; fejl\u0151d&eacute;si jellemz\u0151ket. A m&aacute;sodik szint az &oacute;voda saj&aacute;t nevel&eacute;si programja, ami a helyi tartalmakat szab&aacute;lyozza, &eacute;rv&eacute;nyes&iacute;tve a saj&aacute;toss&aacute;gokat &eacute;s az int&eacute;zm&eacute;ny szakmai &ouml;n&aacute;ll&oacute;s&aacute;g&aacute;t. Az &oacute;voda &uacute;j arculat&aacute;nak meghat&aacute;roz&oacute; szem&eacute;lyis&eacute;ge akkori &oacute;vodavezet\u0151nk Szab&oacute;n&eacute; Varga Etelka, akire nagy szeretettel eml&eacute;kez&uuml;nk. Helyi programunk &bdquo;Nevel&eacute;s a m\u0171v&eacute;szetek eszk&ouml;zeivel&rdquo; c&iacute;mmel adapt&aacute;ci&oacute; alapj&aacute;n k&eacute;sz&uuml;lt, szem el\u0151tt tartva azokat az &eacute;rt&eacute;keket, melyeket nevel\u0151test&uuml;let&uuml;nk &eacute;rt&eacute;kesnek tartott.<\/span><\/span>\n<\/p>\n<p>\n\t<span style=\"font-size:14px;\"><span style=\"font-family: georgia,serif;\">Az &oacute;vodaudvar mozg&aacute;sfejleszt\u0151 eszk&ouml;zei lassank&eacute;nt, az &eacute;vek sor&aacute;n teljesen kicser&eacute;l\u0151dtek, a balesetvesz&eacute;lyes vasm&aacute;sz&oacute;k&aacute;k helyett szabv&aacute;nynak megfelel\u0151 korszer\u0171 j&aacute;t&eacute;kokkal j&aacute;tszhatnak &oacute;vod&aacute;saink.<\/span><\/span>\n<\/p>\n<p>\n\t<span style=\"font-size:14px;\"><span style=\"font-family: georgia,serif;\">Az &oacute;vod&aacute;k &bdquo;n&eacute;vad&oacute; id\u0151szak&aacute;ban&rdquo; 2002. december 12.-&eacute;n kapta int&eacute;zm&eacute;ny&uuml;nk hivatalosan a M&eacute;zeskal&aacute;cs Napk&ouml;zi Otthonos &Oacute;voda nevet.<\/span><\/span>\n<\/p>\n<p>\n\t<span style=\"font-size:14px;\"><span style=\"font-family: georgia,serif;\">A 2004\/2005 nevel&eacute;si &eacute;v ism&eacute;t v&aacute;ltoz&aacute;st hozott: a kor&aacute;bbi 5 csoport &#8211; a gyermekl&eacute;tsz&aacute;m cs&ouml;kken&eacute;s&eacute;t k&ouml;vetve &#8211; 4-re cs&ouml;kkent. A felszabadul&oacute; terem &ndash; mindenki nagy megel&eacute;gedetts&eacute;g&eacute;re &ndash; tornaszobak&eacute;nt funkcion&aacute;lt tov&aacute;bb. Ez nagy &aacute;tt&ouml;r&eacute;st jelentett a &bdquo;fizet\u0151s szolg&aacute;ltat&aacute;sok&rdquo; megjelen&eacute;s&eacute;ben. A tornaszoba b&eacute;rbead&aacute;s&aacute;val balett, zene-ovi, fejleszt\u0151torna (k&eacute;s\u0151bb, 2013-t&oacute;l angol- &eacute;s n&eacute;met nyelv) foglalkoz&aacute;sok kezd\u0151dhettek, ami sok sz&uuml;l\u0151 megel&eacute;ged&eacute;s&eacute;re szolg&aacute;lt&hellip;&eacute;s nem utols&oacute; sorban: mennyi kis tehets&eacute;g ker&uuml;lt felfedez&eacute;sre!<\/span><\/span>\n<\/p>\n<p>\n\t<span style=\"font-size:14px;\"><span style=\"font-family: georgia,serif;\">&Oacute;vod&aacute;nkhoz szervezetileg 2007-ben a b&ouml;rcsi-, majd 2008-ban az ikr&eacute;nyi &oacute;voda csatlakozott tag&oacute;vodak&eacute;nt, ami lehet\u0151v&eacute; tette a szakmai egy&uuml;ttm\u0171k&ouml;d&eacute;st, &ouml;tleteket, tapasztalatokat cser&eacute;lhett&uuml;nk, k&ouml;lcs&ouml;n&ouml;sen hozz&aacute;j&aacute;rulva a nevel&eacute;s sz&iacute;nvonal&aacute;hoz.<\/span><\/span>\n<\/p>\n<p>\n\t<span style=\"font-size:14px;\"><span style=\"font-family: georgia,serif;\">2010 a nagy &bdquo;&eacute;p&iacute;tkez&eacute;s&rdquo; &eacute;ve volt, amikor a fenntart&oacute; &Ouml;nkorm&aacute;nyzat &aacute;ldozatos munk&aacute;val &ndash; felhaszn&aacute;lva a p&aacute;ly&aacute;zat adta lehet\u0151s&eacute;get is &#8211; var&aacute;zsolta &oacute;vod&aacute;nkat t&ouml;bbfunkci&oacute;s, magas sz&iacute;nvonalon felszerelt, minden ig&eacute;nyt kiel&eacute;g&iacute;t\u0151 eszt&eacute;tikus int&eacute;zm&eacute;nny&eacute;. A neh&eacute;z, k&ouml;lt&ouml;zk&ouml;d&eacute;ssel egy&uuml;tt j&aacute;r&oacute; id\u0151szakban nem csak a dolgoz&oacute;k, de nagyon sok falubeli is seg&iacute;tett, ami&eacute;rt k&ouml;sz&ouml;nettel tartozunk!&nbsp; Mintegy 4 h&oacute;nap ut&aacute;n vehett&uuml;k birtokba gy&ouml;ny&ouml;r\u0171, k&iacute;v&uuml;l &ndash; bel&uuml;l szinte a felismerhetetlens&eacute;gig &aacute;t&eacute;p&iacute;tett &oacute;vod&aacute;nkat. J&oacute;l m\u0171k&ouml;d\u0151 2 csoportos b&ouml;lcs\u0151de, valamint az &oacute;voda teljes korszer\u0171s&iacute;t&eacute;se mellett a tet\u0151t&eacute;rben tornaszoba, fejleszt\u0151szoba, irod&aacute;k, mosd&oacute;k, orvosi szoba l&eacute;tl&eacute;tes&uuml;lt. A II. R&aacute;k&oacute;czi Ferenc Alap&iacute;tv&aacute;ny hozz&aacute;j&aacute;rul&aacute;s&aacute;val pedig l&eacute;trej&ouml;hetett a gyermekek eg&eacute;szs&eacute;g&eacute;t szolg&aacute;l&oacute; s&oacute;szoba.<\/span><\/span>\n<\/p>\n<p>\n\t<span style=\"font-size:14px;\"><span style=\"font-family: georgia,serif;\">Helyi Nevel&eacute;si Programunk is jelent\u0151sen megv&aacute;ltozott ebben az &eacute;vben: alapja a megismer&eacute;sre, tapasztal&aacute;sra &eacute;p&uuml;l\u0151, a gyermeki saj&aacute;toss&aacute;gokat szem el\u0151tt tart&oacute;, tev&eacute;kenys&eacute;gk&ouml;zpont&uacute; nevel&eacute;s.<\/span><\/span>\n<\/p>\n<p>\n\t<span style=\"font-size:14px;\"><span style=\"font-family: georgia,serif;\">A gyermekl&eacute;tsz&aacute;m n&ouml;veked&eacute;s&eacute;nek k&ouml;sz&ouml;nhet\u0151en 2012-ben &uacute;jabb b\u0151v&iacute;t&eacute;sre volt sz&uuml;ks&eacute;g, az &oacute;voda ism&eacute;t 5 csoporttal m\u0171k&ouml;dik. A menza &#8211; iskol&aacute;ba t&ouml;rt&eacute;n\u0151 &aacute;thelyez&eacute;s&eacute;vel t&aacute;gas nevel\u0151i szob&aacute;t nyert&uuml;nk, &eacute;s a gyerekek sz&aacute;m&aacute;ra kis foglalkoztat&oacute; konyha is kialak&iacute;t&aacute;sra ker&uuml;lhetett.<\/span><\/span>\n<\/p>\n<p>\n\t<span style=\"font-size:14px;\"><span style=\"font-family: georgia,serif;\">Az &eacute;p&uuml;letb\u0151v&iacute;t&eacute;s ut&aacute;n egy&eacute;rtelm\u0171v&eacute; v&aacute;lt, hogy a j&aacute;tsz&oacute;udvart is &bdquo;kin\u0151tt&eacute;k&rdquo; gyermekeink, &iacute;gy az utols&oacute; fejleszt&eacute;s, az udvar ter&uuml;let&eacute;nek n&ouml;vel&eacute;se &ndash; az &Ouml;nkorm&aacute;nyzat &eacute;s helyi v&aacute;llalkoz&oacute;k egy&uuml;ttm\u0171k&ouml;d&eacute;s&eacute;vel &eacute;s t&aacute;mogat&aacute;s&aacute;val &#8211; a 2013\/2014 -es tan&eacute;vben ker&uuml;lt sorra &oacute;vod&aacute;saink nagy &#8211; nagy &ouml;r&ouml;m&eacute;re.&nbsp;&nbsp;<\/span><\/span>\n<\/p>\n<p>\n\t<span style=\"font-size:14px;\"><span style=\"font-family: georgia,serif;\">Int&eacute;zm&eacute;ny&uuml;nk az elm&uacute;lt 40 &eacute;v alatt b\u0151velkedett v&aacute;ltoz&aacute;sokban, gazdag volt gyermekl&eacute;tsz&aacute;mban, &eacute;lm&eacute;nyekben, &eacute;s a dolgoz&oacute;k elk&ouml;telezetts&eacute;g&eacute;ben. B&uuml;szk&eacute;k vagyunk &oacute;vod&aacute;nkra, felel\u0151ss&eacute;get &eacute;rz&uuml;nk gyermekeink&eacute;rt, int&eacute;zm&eacute;ny&uuml;nk&eacute;rt, &eacute;s a k&ouml;rnyezet&eacute;rt, amelyben otthon &eacute;rezhett&uuml;k, &eacute;s &eacute;rezhetj&uuml;k magunkat.<\/span><\/span>\n<\/p>\n<p>\n\t<span style=\"font-size:14px;\"><span style=\"font-family: georgia,serif;\">Mit is k&iacute;v&aacute;nhatn&aacute;nk a k&ouml;vetkez\u0151 id\u0151kre? Sok &ndash; sok eg&eacute;szs&eacute;ges kisgyermeket, egy&uuml;ttm\u0171k&ouml;d\u0151 sz&uuml;l\u0151ket, seg&iacute;t\u0151k&eacute;sz partnereket, lelkes nevel\u0151test&uuml;letet.<\/span><\/span>\n<\/p>\n<p align=\"center\">\n\t<span style=\"font-size:14px;\"><span style=\"font-family: georgia,serif;\"><em>&bdquo;&Aacute;lomvil&aacute;gb&oacute;l &uuml;ltess csod&aacute;t,<\/em><\/span><\/span>\n<\/p>\n<p align=\"center\">\n\t<span style=\"font-size:14px;\"><span style=\"font-family: georgia,serif;\"><em>&Eacute;s j&oacute; sz&iacute;vvel &aacute;pold, hogy n\u0151j&ouml;n tov&aacute;bb.<\/em><\/span><\/span>\n<\/p>\n<p align=\"center\">\n\t<span style=\"font-size:14px;\"><span style=\"font-family: georgia,serif;\"><em>V&aacute;r m&eacute;g var&aacute;zs, nem csak olcs&oacute; csal&aacute;s,<\/em><\/span><\/span>\n<\/p>\n<p align=\"center\">\n\t<span style=\"font-size:14px;\"><span style=\"font-family: georgia,serif;\"><em>De t\u0171z kell, nem csak par&aacute;zs&hellip;&rdquo;<\/em><\/span><\/span>\n<\/p>\n<p align=\"center\">\n\t<span style=\"font-size:14px;\"><span style=\"font-family: georgia,serif;\"><em>\/Nox\/<\/em><\/span><\/span>\n<\/p>\n<p align=\"right\">\n\t<span style=\"font-size:14px;\"><span style=\"font-family: georgia,serif;\">Gy\u0151ry S&aacute;ndorn&eacute;<br \/>\n\tint&eacute;zm&eacute;ny&uuml;nk nyugd&iacute;jazott vezet\u0151je<\/span><\/span><\/p>\n","protected":false},"excerpt":{"rendered":"<div class=\"mh-excerpt\"><p>40 &eacute;v hossz&uacute; id\u0151 egy int&eacute;zm&eacute;ny &eacute;let&eacute;ben. Tal&aacute;n &eacute;rdemes visszapillantani, hogyan is alakult a mi szeretett &bdquo;M&eacute;zeskal&aacute;cs h&aacute;zik&oacute;nk&rdquo; sorsa a kezdetekt\u0151l&hellip; Telep&uuml;l&eacute;s&uuml;nk&ouml;n 1974 szeptember&eacute;t\u0151l m\u0171k&ouml;dik <a class=\"mh-excerpt-more\" href=\"https:\/\/www.mezeskalacs-ovoda.hu\/?page_id=533\" title=\"\u00d3vod\u00e1nk t\u00f6rt\u00e9nete\">[&#8230;]<\/a><\/p>\n<\/div>","protected":false},"author":1,"featured_media":0,"parent":0,"menu_order":0,"comment_status":"open","ping_status":"open","template":"","meta":[],"_links":{"self":[{"href":"https:\/\/www.mezeskalacs-ovoda.hu\/index.php?rest_route=\/wp\/v2\/pages\/533"}],"collection":[{"href":"https:\/\/www.mezeskalacs-ovoda.hu\/index.php?rest_route=\/wp\/v2\/pages"}],"about":[{"href":"https:\/\/www.mezeskalacs-ovoda.hu\/index.php?rest_route=\/wp\/v2\/types\/page"}],"author":[{"embeddable":true,"href":"https:\/\/www.mezeskalacs-ovoda.hu\/index.php?rest_route=\/wp\/v2\/users\/1"}],"replies":[{"embeddable":true,"href":"https:\/\/www.mezeskalacs-ovoda.hu\/index.php?rest_route=%2Fwp%2Fv2%2Fcomments&post=533"}],"version-history":[{"count":5,"href":"https:\/\/www.mezeskalacs-ovoda.hu\/index.php?rest_route=\/wp\/v2\/pages\/533\/revisions"}],"predecessor-version":[{"id":934,"href":"https:\/\/www.mezeskalacs-ovoda.hu\/index.php?rest_route=\/wp\/v2\/pages\/533\/revisions\/934"}],"wp:attachment":[{"href":"https:\/\/www.mezeskalacs-ovoda.hu\/index.php?rest_route=%2Fwp%2Fv2%2Fmedia&parent=533"}],"curies":[{"name":"wp","href":"https:\/\/api.w.org\/{rel}","templated":true}]}}