{"id":550,"date":"2015-03-03T14:27:36","date_gmt":"2015-03-03T14:27:36","guid":{"rendered":"http:\/\/www.ovoda.abdaiak.hu\/?page_id=550"},"modified":"2024-09-27T09:32:30","modified_gmt":"2024-09-27T09:32:30","slug":"margareta-csoport-2","status":"publish","type":"page","link":"http:\/\/www.mezeskalacs-ovoda.hu\/?page_id=550","title":{"rendered":"Margar\u00e9ta csoport"},"content":{"rendered":"\t\t<div data-elementor-type=\"wp-page\" data-elementor-id=\"550\" class=\"elementor elementor-550\">\n\t\t\t\t\t\t<div class=\"elementor-inner\">\n\t\t\t\t<div class=\"elementor-section-wrap\">\n\t\t\t\t\t\t\t\t\t<section class=\"elementor-section elementor-top-section elementor-element elementor-element-1e33d029 elementor-section-boxed elementor-section-height-default elementor-section-height-default\" data-id=\"1e33d029\" data-element_type=\"section\">\n\t\t\t\t\t\t<div class=\"elementor-container elementor-column-gap-default\">\n\t\t\t\t\t\t\t<div class=\"elementor-row\">\n\t\t\t\t\t<div class=\"elementor-column elementor-col-100 elementor-top-column elementor-element elementor-element-22a61263\" data-id=\"22a61263\" data-element_type=\"column\">\n\t\t\t<div class=\"elementor-column-wrap elementor-element-populated\">\n\t\t\t\t\t\t\t<div class=\"elementor-widget-wrap\">\n\t\t\t\t\t\t<div class=\"elementor-element elementor-element-45c8307d elementor-widget elementor-widget-text-editor\" data-id=\"45c8307d\" data-element_type=\"widget\" data-widget_type=\"text-editor.default\">\n\t\t\t\t<div class=\"elementor-widget-container\">\n\t\t\t\t\t\t\t\t<div class=\"elementor-text-editor elementor-clearfix\">\n\t\t\t\t<p><a href=\"http:\/\/www.mezeskalacs-ovoda.hu\/wp-content\/uploads\/2015\/03\/Ovi-margar\u00e9ta.jpg\"><img loading=\"lazy\" class=\"alignnone size-thumbnail wp-image-606\" style=\"float: left;\" src=\"http:\/\/www.mezeskalacs-ovoda.hu\/wp-content\/uploads\/2015\/03\/Ovi-margar\u00e9ta-150x150.jpg\" alt=\"Ovi margar\u00e9ta\" width=\"150\" height=\"150\" \/><\/a><span style=\"font-size: 12px;\"><span style=\"font-family: georgia,serif;\">\u00a0\u00a0\u00a0\u00a0\u00a0 <\/span><\/span><\/p><h4><span style=\"font-size: 12px;\"><span style=\"font-family: georgia,serif;\"><span style=\"font-size: 14px;\">\u00a0\u00a0\u00a0\u00a0\u00a0 \u00d3vodapedag\u00f3gusok:<\/span><span style=\"font-size: 16px;\"> Sink\u00f3n\u00e9 Meszl\u00e9nyi Ildik\u00f3<\/span><\/span><\/span><\/h4><h4><span style=\"font-size: 12px;\"><span style=\"font-family: georgia,serif;\"><span style=\"font-size: 16px;\">\u00a0\u00a0\u00a0\u00a0\u00a0\u00a0\u00a0\u00a0\u00a0\u00a0\u00a0\u00a0\u00a0\u00a0\u00a0\u00a0\u00a0\u00a0\u00a0\u00a0\u00a0\u00a0\u00a0\u00a0\u00a0\u00a0\u00a0\u00a0\u00a0\u00a0\u00a0\u00a0\u00a0\u00a0\u00a0\u00a0\u00a0\u00a0\u00a0\u00a0\u00a0 L\u00e1z\u00e1r Barbara<br \/><\/span><\/span><\/span><\/h4><h4><span style=\"font-size: 12px;\"><span style=\"font-family: georgia,serif;\">\u00a0\u00a0\u00a0\u00a0\u00a0\u00a0\u00a0\u00a0\u00a0\u00a0\u00a0\u00a0\u00a0\u00a0\u00a0<span style=\"font-size: 14px;\"> Dajka n\u00e9ni:<\/span><\/span><\/span><\/h4><h4><span style=\"font-size: 12px;\"><span style=\"font-family: georgia,serif;\"><span style=\"font-size: 16px;\">\u00a0\u00a0\u00a0\u00a0\u00a0\u00a0\u00a0\u00a0\u00a0\u00a0\u00a0\u00a0\u00a0\u00a0\u00a0\u00a0\u00a0\u00a0\u00a0\u00a0\u00a0\u00a0\u00a0\u00a0\u00a0\u00a0\u00a0\u00a0\u00a0\u00a0\u00a0\u00a0\u00a0\u00a0\u00a0\u00a0\u00a0\u00a0\u00a0\u00a0\u00a0 Magyarn\u00e9 Nemes Andrea<\/span><\/span><\/span><\/h4><p>\u00a0\u00a0\u00a0\u00a0\u00a0\u00a0\u00a0\u00a0\u00a0\u00a0\u00a0\u00a0\u00a0<\/p><p style=\"text-align: center;\">Nagycsoportosok lett\u00fcnk!<\/p><p style=\"text-align: center;\">Csoportunkban maradt gyerekekhez 4 kisfi\u00fa j\u00f6tt a Pitypang csoportb\u00f3l \u00e9s 4 kisl\u00e1ny m\u00e1sik \u00f3vod\u00e1b\u00f3l, akik Abd\u00e1ra k\u00f6lt\u00f6ztek. \u00a0Sok szeretettel fogadtuk \u0151ket \u00e9s \u00fagy \u00e9rezz\u00fck hamar beilleszkedtek csoportunkba.<\/p><p style=\"text-align: center;\">\u00cdgy, csoportunk l\u00e9tsz\u00e1ma 17 f\u0151, 8 kisl\u00e1ny \u00e9s 9 kisfi\u00fa.<\/p><p style=\"text-align: center;\">Els\u0151dleges c\u00e9lunk a nyugodt, der\u0171s, \u00e9rzelmi biztons\u00e1got ny\u00fajt\u00f3, szeretetteljes, csal\u00e1dias l\u00e9gk\u00f6r megteremt\u00e9se, hogy a gyerekek j\u00f3l \u00e9rezz\u00e9k magukat az \u00f3vod\u00e1ban.<\/p><p style=\"text-align: center;\">A j\u00e1t\u00e9k az \u00f3vod\u00e1skor\u00fa gyermekek alapvet\u0151 tev\u00e9kenys\u00e9ge. A gyermekeknek az elm\u00e9ly\u00fclt, szabad j\u00e1t\u00e9kot folyamatos napirenddel igyeksz\u00fcnk biztos\u00edtani. A k\u00fcl\u00f6nb\u00f6z\u0151 j\u00e1t\u00e9ksarkok kialak\u00edt\u00e1s\u00e1val lehet\u0151s\u00e9get biztos\u00edtunk a tartalmas elm\u00e9ly\u00fclt j\u00e1t\u00e9khoz.<\/p><p style=\"text-align: center;\">Nagyon kedvelt tev\u00e9kenys\u00e9gi forma a babaszobai j\u00e1t\u00e9k, ahol fi\u00fak, l\u00e1nyok vegyesen vannak jelen \u00e9s j\u00e1tszanak egy\u00fctt.<\/p><p style=\"text-align: center;\">\u00a0A sz\u0151nyegen sz\u00edvesen \u00e9p\u00edtenek, aut\u00f3znak, egyre kreat\u00edvabb dolgokat alkotnak.<\/p><p style=\"text-align: center;\">\u00a0Az asztali j\u00e1t\u00e9kok k\u00f6z\u00fcl a lego, puzzl\u00e9, dobbl\u00e9 \u00e9s a k\u00fcl\u00f6nb\u00f6z\u0151 fejleszt\u0151 j\u00e1t\u00e9kok a legkedveltebbek.<\/p><p style=\"text-align: center;\">Sz\u00e9pen hallgatj\u00e1k a mes\u00e9t, \u00fcgyesen tanulj\u00e1k a verseket. Szeretnek \u00e9nekelni, k\u00f6rj\u00e1t\u00e9kozni, zen\u00e9t hallgatni, t\u00e1ncolni.<\/p><p style=\"text-align: center;\">\u00a0A bark\u00e1csasztaln\u00e1l is sz\u00edvesen tev\u00e9kenykednek sz\u00edneznek, rajzolnak, v\u00e1gnak, festenek, alkotnak.<\/p><p style=\"text-align: center;\">A j\u00f3 id\u0151t kihaszn\u00e1lva sokat vagyunk az udvaron, ahol, m\u00e1sz\u00f3k\u00e1znak, cs\u00faszd\u00e1znak, homokoznak, p\u00f6rg\u0151znek, hint\u00e1znak, fociznak stb.\u00a0<\/p><p style=\"text-align: center;\">\u00a0<br \/>Hi\u00e1nyz\u00f3k fel\u0151l mindig \u00e9rdekl\u0151dnek, t\u00f6bb bar\u00e1ti kapcsolat is kialakult m\u00e1r. B\u00fcszk\u00e9n v\u00e1llalnak megb\u00edzat\u00e1sokat, feladatokat.<\/p><p style=\"text-align: center;\">A j\u00f3 l\u00e9gk\u00f6r megteremt\u00e9s\u00e9vel el\u0151seg\u00edtj\u00fck, hogy a gyerekek \u00f6r\u00f6mmel \u00e9s \u00f6nk\u00e9nt vegyenek r\u00e9szt a tev\u00e9kenys\u00e9gekben.<\/p><p style=\"text-align: center;\">\u00a0<\/p>\t\t\t\t\t<\/div>\n\t\t\t\t\t\t<\/div>\n\t\t\t\t<\/div>\n\t\t\t\t\t\t<\/div>\n\t\t\t\t\t<\/div>\n\t\t<\/div>\n\t\t\t\t\t\t\t\t<\/div>\n\t\t\t\t\t<\/div>\n\t\t<\/section>\n\t\t\t\t<section class=\"elementor-section elementor-top-section elementor-element elementor-element-3b4966b elementor-section-boxed elementor-section-height-default elementor-section-height-default\" data-id=\"3b4966b\" data-element_type=\"section\">\n\t\t\t\t\t\t<div class=\"elementor-container elementor-column-gap-default\">\n\t\t\t\t\t\t\t<div class=\"elementor-row\">\n\t\t\t\t\t<div class=\"elementor-column elementor-col-100 elementor-top-column elementor-element elementor-element-3eb1156\" data-id=\"3eb1156\" data-element_type=\"column\">\n\t\t\t<div class=\"elementor-column-wrap elementor-element-populated\">\n\t\t\t\t\t\t\t<div class=\"elementor-widget-wrap\">\n\t\t\t\t\t\t<div class=\"elementor-element elementor-element-c634cc4 elementor-widget elementor-widget-image\" data-id=\"c634cc4\" data-element_type=\"widget\" data-widget_type=\"image.default\">\n\t\t\t\t<div class=\"elementor-widget-container\">\n\t\t\t\t\t\t\t\t<div class=\"elementor-image\">\n\t\t\t\t\t\t\t\t\t\t\t\t<img width=\"1024\" height=\"768\" src=\"http:\/\/www.mezeskalacs-ovoda.hu\/wp-content\/uploads\/2024\/09\/margareta-1024x768.jpeg\" class=\"attachment-large size-large\" alt=\"\" loading=\"lazy\" srcset=\"http:\/\/www.mezeskalacs-ovoda.hu\/wp-content\/uploads\/2024\/09\/margareta-1024x768.jpeg 1024w, http:\/\/www.mezeskalacs-ovoda.hu\/wp-content\/uploads\/2024\/09\/margareta-300x225.jpeg 300w, http:\/\/www.mezeskalacs-ovoda.hu\/wp-content\/uploads\/2024\/09\/margareta-768x576.jpeg 768w, http:\/\/www.mezeskalacs-ovoda.hu\/wp-content\/uploads\/2024\/09\/margareta-1536x1152.jpeg 1536w, http:\/\/www.mezeskalacs-ovoda.hu\/wp-content\/uploads\/2024\/09\/margareta-2048x1536.jpeg 2048w, http:\/\/www.mezeskalacs-ovoda.hu\/wp-content\/uploads\/2024\/09\/margareta-678x509.jpeg 678w, http:\/\/www.mezeskalacs-ovoda.hu\/wp-content\/uploads\/2024\/09\/margareta-326x245.jpeg 326w, http:\/\/www.mezeskalacs-ovoda.hu\/wp-content\/uploads\/2024\/09\/margareta-80x60.jpeg 80w\" sizes=\"(max-width: 1024px) 100vw, 1024px\" \/>\t\t\t\t\t\t\t\t\t\t\t\t\t\t<\/div>\n\t\t\t\t\t\t<\/div>\n\t\t\t\t<\/div>\n\t\t\t\t\t\t<\/div>\n\t\t\t\t\t<\/div>\n\t\t<\/div>\n\t\t\t\t\t\t\t\t<\/div>\n\t\t\t\t\t<\/div>\n\t\t<\/section>\n\t\t\t\t\t\t\t\t\t<\/div>\n\t\t\t<\/div>\n\t\t\t\t\t<\/div>\n\t\t","protected":false},"excerpt":{"rendered":"<div class=\"mh-excerpt\"><p>\u00a0\u00a0\u00a0\u00a0\u00a0 \u00a0\u00a0\u00a0\u00a0\u00a0 \u00d3vodapedag\u00f3gusok: Sink\u00f3n\u00e9 Meszl\u00e9nyi Ildik\u00f3 \u00a0\u00a0\u00a0\u00a0\u00a0\u00a0\u00a0\u00a0\u00a0\u00a0\u00a0\u00a0\u00a0\u00a0\u00a0\u00a0\u00a0\u00a0\u00a0\u00a0\u00a0\u00a0\u00a0\u00a0\u00a0\u00a0\u00a0\u00a0\u00a0\u00a0\u00a0\u00a0\u00a0\u00a0\u00a0\u00a0\u00a0\u00a0\u00a0\u00a0\u00a0 L\u00e1z\u00e1r Barbara \u00a0\u00a0\u00a0\u00a0\u00a0\u00a0\u00a0\u00a0\u00a0\u00a0\u00a0\u00a0\u00a0\u00a0\u00a0 Dajka n\u00e9ni: \u00a0\u00a0\u00a0\u00a0\u00a0\u00a0\u00a0\u00a0\u00a0\u00a0\u00a0\u00a0\u00a0\u00a0\u00a0\u00a0\u00a0\u00a0\u00a0\u00a0\u00a0\u00a0\u00a0\u00a0\u00a0\u00a0\u00a0\u00a0\u00a0\u00a0\u00a0\u00a0\u00a0\u00a0\u00a0\u00a0\u00a0\u00a0\u00a0\u00a0\u00a0 Magyarn\u00e9 Nemes Andrea \u00a0\u00a0\u00a0\u00a0\u00a0\u00a0\u00a0\u00a0\u00a0\u00a0\u00a0\u00a0\u00a0 Nagycsoportosok lett\u00fcnk! Csoportunkban maradt gyerekekhez 4 kisfi\u00fa j\u00f6tt <a class=\"mh-excerpt-more\" href=\"http:\/\/www.mezeskalacs-ovoda.hu\/?page_id=550\" title=\"Margar\u00e9ta csoport\">[&#8230;]<\/a><\/p>\n<\/div>","protected":false},"author":1,"featured_media":0,"parent":0,"menu_order":0,"comment_status":"open","ping_status":"open","template":"","meta":[],"_links":{"self":[{"href":"http:\/\/www.mezeskalacs-ovoda.hu\/index.php?rest_route=\/wp\/v2\/pages\/550"}],"collection":[{"href":"http:\/\/www.mezeskalacs-ovoda.hu\/index.php?rest_route=\/wp\/v2\/pages"}],"about":[{"href":"http:\/\/www.mezeskalacs-ovoda.hu\/index.php?rest_route=\/wp\/v2\/types\/page"}],"author":[{"embeddable":true,"href":"http:\/\/www.mezeskalacs-ovoda.hu\/index.php?rest_route=\/wp\/v2\/users\/1"}],"replies":[{"embeddable":true,"href":"http:\/\/www.mezeskalacs-ovoda.hu\/index.php?rest_route=%2Fwp%2Fv2%2Fcomments&post=550"}],"version-history":[{"count":52,"href":"http:\/\/www.mezeskalacs-ovoda.hu\/index.php?rest_route=\/wp\/v2\/pages\/550\/revisions"}],"predecessor-version":[{"id":2607,"href":"http:\/\/www.mezeskalacs-ovoda.hu\/index.php?rest_route=\/wp\/v2\/pages\/550\/revisions\/2607"}],"wp:attachment":[{"href":"http:\/\/www.mezeskalacs-ovoda.hu\/index.php?rest_route=%2Fwp%2Fv2%2Fmedia&parent=550"}],"curies":[{"name":"wp","href":"https:\/\/api.w.org\/{rel}","templated":true}]}}

Margaréta csoport

<div data-elementor-type="wp-page" data-elementor-id="550" class="elementor elementor-550">
						<div class="elementor-inner">
				<div class="elementor-section-wrap">
									<section class="elementor-section elementor-top-section elementor-element elementor-element-1e33d029 elementor-section-boxed elementor-section-height-default elementor-section-height-default" data-id="1e33d029" data-element_type="section">
						<div class="elementor-container elementor-column-gap-default">
							<div class="elementor-row">
					<div class="elementor-column elementor-col-100 elementor-top-column elementor-element elementor-element-22a61263" data-id="22a61263" data-element_type="column">
			<div class="elementor-column-wrap elementor-element-populated">
							<div class="elementor-widget-wrap">
						<div class="elementor-element elementor-element-45c8307d elementor-widget elementor-widget-text-editor" data-id="45c8307d" data-element_type="widget" data-widget_type="text-editor.default">
				<div class="elementor-widget-container">
								<div class="elementor-text-editor elementor-clearfix">
				<p><a href="http://www.mezeskalacs-ovoda.hu/wp-content/uploads/2015/03/Ovi-margaréta.jpg"><img loading="lazy" class="alignnone size-thumbnail wp-image-606" style="float: left;" src="http://www.mezeskalacs-ovoda.hu/wp-content/uploads/2015/03/Ovi-margaréta-150x150.jpg" alt="Ovi margaréta" width="150" height="150" /></a><span style="font-size: 12px;"><span style="font-family: georgia,serif;">      </span></span></p><h4><span style="font-size: 12px;"><span style="font-family: georgia,serif;"><span style="font-size: 14px;">      Óvodapedagógusok:</span><span style="font-size: 16px;"> Sinkóné Meszlényi Ildikó</span></span></span></h4><h4><span style="font-size: 12px;"><span style="font-family: georgia,serif;"><span style="font-size: 16px;">                                          Lázár Barbara<br /></span></span></span></h4><h4><span style="font-size: 12px;"><span style="font-family: georgia,serif;">               <span style="font-size: 14px;"> Dajka néni:</span></span></span></h4><h4><span style="font-size: 12px;"><span style="font-family: georgia,serif;"><span style="font-size: 16px;">                                          Magyarné Nemes Andrea</span></span></span></h4><p>             </p><p style="text-align: center;">Nagycsoportosok lettünk!</p><p style="text-align: center;">Csoportunkban maradt gyerekekhez 4 kisfiú jött a Pitypang csoportból és 4 kislány másik óvodából, akik Abdára költöztek.  Sok szeretettel fogadtuk őket és úgy érezzük hamar beilleszkedtek csoportunkba.</p><p style="text-align: center;">Így, csoportunk létszáma 17 fő, 8 kislány és 9 kisfiú.</p><p style="text-align: center;">Elsődleges célunk a nyugodt, derűs, érzelmi biztonságot nyújtó, szeretetteljes, családias légkör megteremtése, hogy a gyerekek jól érezzék magukat az óvodában.</p><p style="text-align: center;">A játék az óvodáskorú gyermekek alapvető tevékenysége. A gyermekeknek az elmélyült, szabad játékot folyamatos napirenddel igyekszünk biztosítani. A különböző játéksarkok kialakításával lehetőséget biztosítunk a tartalmas elmélyült játékhoz.</p><p style="text-align: center;">Nagyon kedvelt tevékenységi forma a babaszobai játék, ahol fiúk, lányok vegyesen vannak jelen és játszanak együtt.</p><p style="text-align: center;"> A szőnyegen szívesen építenek, autóznak, egyre kreatívabb dolgokat alkotnak.</p><p style="text-align: center;"> Az asztali játékok közül a lego, puzzlé, dobblé és a különböző fejlesztő játékok a legkedveltebbek.</p><p style="text-align: center;">Szépen hallgatják a mesét, ügyesen tanulják a verseket. Szeretnek énekelni, körjátékozni, zenét hallgatni, táncolni.</p><p style="text-align: center;"> A barkácsasztalnál is szívesen tevékenykednek színeznek, rajzolnak, vágnak, festenek, alkotnak.</p><p style="text-align: center;">A jó időt kihasználva sokat vagyunk az udvaron, ahol, mászókáznak, csúszdáznak, homokoznak, pörgőznek, hintáznak, fociznak stb. </p><p style="text-align: center;"> <br />Hiányzók felől mindig érdeklődnek, több baráti kapcsolat is kialakult már. Büszkén vállalnak megbízatásokat, feladatokat.</p><p style="text-align: center;">A jó légkör megteremtésével elősegítjük, hogy a gyerekek örömmel és önként vegyenek részt a tevékenységekben.</p><p style="text-align: center;"> </p>					</div>
						</div>
				</div>
						</div>
					</div>
		</div>
								</div>
					</div>
		</section>
				<section class="elementor-section elementor-top-section elementor-element elementor-element-3b4966b elementor-section-boxed elementor-section-height-default elementor-section-height-default" data-id="3b4966b" data-element_type="section">
						<div class="elementor-container elementor-column-gap-default">
							<div class="elementor-row">
					<div class="elementor-column elementor-col-100 elementor-top-column elementor-element elementor-element-3eb1156" data-id="3eb1156" data-element_type="column">
			<div class="elementor-column-wrap elementor-element-populated">
							<div class="elementor-widget-wrap">
						<div class="elementor-element elementor-element-c634cc4 elementor-widget elementor-widget-image" data-id="c634cc4" data-element_type="widget" data-widget_type="image.default">
				<div class="elementor-widget-container">
								<div class="elementor-image">
												<img width="1024" height="768" src="http://www.mezeskalacs-ovoda.hu/wp-content/uploads/2024/09/margareta-1024x768.jpeg" class="attachment-large size-large" alt="" loading="lazy" srcset="http://www.mezeskalacs-ovoda.hu/wp-content/uploads/2024/09/margareta-1024x768.jpeg 1024w, http://www.mezeskalacs-ovoda.hu/wp-content/uploads/2024/09/margareta-300x225.jpeg 300w, http://www.mezeskalacs-ovoda.hu/wp-content/uploads/2024/09/margareta-768x576.jpeg 768w, http://www.mezeskalacs-ovoda.hu/wp-content/uploads/2024/09/margareta-1536x1152.jpeg 1536w, http://www.mezeskalacs-ovoda.hu/wp-content/uploads/2024/09/margareta-2048x1536.jpeg 2048w, http://www.mezeskalacs-ovoda.hu/wp-content/uploads/2024/09/margareta-678x509.jpeg 678w, http://www.mezeskalacs-ovoda.hu/wp-content/uploads/2024/09/margareta-326x245.jpeg 326w, http://www.mezeskalacs-ovoda.hu/wp-content/uploads/2024/09/margareta-80x60.jpeg 80w" sizes="(max-width: 1024px) 100vw, 1024px" />														</div>
						</div>
				</div>
						</div>
					</div>
		</div>
								</div>
					</div>
		</section>
									</div>
			</div>
					</div>

<div class="mh-excerpt"><p>            Óvodapedagógusok: Sinkóné Meszlényi Ildikó                                           Lázár Barbara                 Dajka néni:                                           Magyarné Nemes Andrea               Nagycsoportosok lettünk! Csoportunkban maradt gyerekekhez 4 kisfiú jött <a class="mh-excerpt-more" href="http://www.mezeskalacs-ovoda.hu/?page_id=550" title="Margaréta csoport">[&#8230;]</a></p>
</div>
