{"id":502,"date":"2015-02-23T14:48:12","date_gmt":"2015-02-23T14:48:12","guid":{"rendered":"http:\/\/www.ovoda.abdaiak.hu\/wp-content\/uploads\/2013\/11\/Cs\u00e1fordi-Eszter-gondoz\u00f3-n\u00e9ni.jpg"},"modified":"2015-03-04T09:50:09","modified_gmt":"2015-03-04T09:50:09","slug":"csafordi-eszter-gondozo-neni","status":"inherit","type":"attachment","link":"http:\/\/www.mezeskalacs-ovoda.hu\/?attachment_id=502","title":{"rendered":"Cs\u00e1fordi Eszter gondoz\u00f3 n\u00e9ni"},"author":7,"comment_status":"open","ping_status":"open","template":"","meta":[],"description":{"rendered":"<p class=\"attachment\"><a href='http:\/\/www.mezeskalacs-ovoda.hu\/wp-content\/uploads\/2013\/11\/Cs\u00e1fordi-Eszter-gondoz\u00f3-n\u00e9ni.jpg'><img width=\"200\" height=\"300\" src=\"http:\/\/www.mezeskalacs-ovoda.hu\/wp-content\/uploads\/2013\/11\/Cs\u00e1fordi-Eszter-gondoz\u00f3-n\u00e9ni-200x300.jpg\" class=\"attachment-medium size-medium\" alt=\"Cs\u00e1fordi Eszter\" loading=\"lazy\" srcset=\"http:\/\/www.mezeskalacs-ovoda.hu\/wp-content\/uploads\/2013\/11\/Cs\u00e1fordi-Eszter-gondoz\u00f3-n\u00e9ni-200x300.jpg 200w, http:\/\/www.mezeskalacs-ovoda.hu\/wp-content\/uploads\/2013\/11\/Cs\u00e1fordi-Eszter-gondoz\u00f3-n\u00e9ni-682x1024.jpg 682w\" sizes=\"(max-width: 200px) 100vw, 200px\" \/><\/a><\/p>\n"},"caption":{"rendered":"<div class=\"mh-excerpt\"><\/div>"},"alt_text":"Cs\u00e1fordi Eszter","media_type":"image","mime_type":"image\/jpeg","media_details":{"width":2336,"height":3504,"file":"2013\/11\/Cs\u00e1fordi-Eszter-gondoz\u00f3-n\u00e9ni.jpg","sizes":{"thumbnail":{"file":"Cs\u00e1fordi-Eszter-gondoz\u00f3-n\u00e9ni-150x150.jpg","width":150,"height":150,"mime_type":"image\/jpeg","source_url":"http:\/\/www.mezeskalacs-ovoda.hu\/wp-content\/uploads\/2013\/11\/Cs\u00e1fordi-Eszter-gondoz\u00f3-n\u00e9ni-150x150.jpg"},"medium":{"file":"Cs\u00e1fordi-Eszter-gondoz\u00f3-n\u00e9ni-200x300.jpg","width":200,"height":300,"mime_type":"image\/jpeg","source_url":"http:\/\/www.mezeskalacs-ovoda.hu\/wp-content\/uploads\/2013\/11\/Cs\u00e1fordi-Eszter-gondoz\u00f3-n\u00e9ni-200x300.jpg"},"large":{"file":"Cs\u00e1fordi-Eszter-gondoz\u00f3-n\u00e9ni-682x1024.jpg","width":682,"height":1024,"mime_type":"image\/jpeg","source_url":"http:\/\/www.mezeskalacs-ovoda.hu\/wp-content\/uploads\/2013\/11\/Cs\u00e1fordi-Eszter-gondoz\u00f3-n\u00e9ni-682x1024.jpg"},"full":{"file":"Cs\u00e1fordi-Eszter-gondoz\u00f3-n\u00e9ni.jpg","width":2336,"height":3504,"mime_type":"image\/jpeg","source_url":"http:\/\/www.mezeskalacs-ovoda.hu\/wp-content\/uploads\/2013\/11\/Cs\u00e1fordi-Eszter-gondoz\u00f3-n\u00e9ni.jpg"}},"image_meta":{"aperture":5,"credit":"","camera":"Canon EOS 30D","caption":"","created_timestamp":1347444493,"copyright":"","focal_length":"80","iso":"640","shutter_speed":"0.016666666666667","title":""}},"post":null,"source_url":"http:\/\/www.mezeskalacs-ovoda.hu\/wp-content\/uploads\/2013\/11\/Cs\u00e1fordi-Eszter-gondoz\u00f3-n\u00e9ni.jpg","_links":{"self":[{"href":"http:\/\/www.mezeskalacs-ovoda.hu\/index.php?rest_route=\/wp\/v2\/media\/502"}],"collection":[{"href":"http:\/\/www.mezeskalacs-ovoda.hu\/index.php?rest_route=\/wp\/v2\/media"}],"about":[{"href":"http:\/\/www.mezeskalacs-ovoda.hu\/index.php?rest_route=\/wp\/v2\/types\/attachment"}],"author":[{"embeddable":true,"href":"http:\/\/www.mezeskalacs-ovoda.hu\/index.php?rest_route=\/wp\/v2\/users\/7"}],"replies":[{"embeddable":true,"href":"http:\/\/www.mezeskalacs-ovoda.hu\/index.php?rest_route=%2Fwp%2Fv2%2Fcomments&post=502"}]}}

http://www.ovoda.abdaiak.hu/wp-content/uploads/2013/11/Csáfordi-Eszter-gondozó-néni.jpg

Csáfordi Eszter gondozó néni

<p class="attachment"><a href='http://www.mezeskalacs-ovoda.hu/wp-content/uploads/2013/11/Csáfordi-Eszter-gondozó-néni.jpg'><img width="200" height="300" src="http://www.mezeskalacs-ovoda.hu/wp-content/uploads/2013/11/Csáfordi-Eszter-gondozó-néni-200x300.jpg" class="attachment-medium size-medium" alt="Csáfordi Eszter" loading="lazy" srcset="http://www.mezeskalacs-ovoda.hu/wp-content/uploads/2013/11/Csáfordi-Eszter-gondozó-néni-200x300.jpg 200w, http://www.mezeskalacs-ovoda.hu/wp-content/uploads/2013/11/Csáfordi-Eszter-gondozó-néni-682x1024.jpg 682w" sizes="(max-width: 200px) 100vw, 200px" /></a></p>

Csáfordi Eszter

2013/11/Csáfordi-Eszter-gondozó-néni.jpg

Csáfordi-Eszter-gondozó-néni-150x150.jpg

http://www.mezeskalacs-ovoda.hu/wp-content/uploads/2013/11/Csáfordi-Eszter-gondozó-néni-150x150.jpg

Csáfordi-Eszter-gondozó-néni-200x300.jpg

http://www.mezeskalacs-ovoda.hu/wp-content/uploads/2013/11/Csáfordi-Eszter-gondozó-néni-200x300.jpg

Csáfordi-Eszter-gondozó-néni-682x1024.jpg

http://www.mezeskalacs-ovoda.hu/wp-content/uploads/2013/11/Csáfordi-Eszter-gondozó-néni-682x1024.jpg

Csáfordi-Eszter-gondozó-néni.jpg

http://www.mezeskalacs-ovoda.hu/wp-content/uploads/2013/11/Csáfordi-Eszter-gondozó-néni.jpg
