{"id":425,"date":"2014-12-04T08:11:38","date_gmt":"2014-12-04T08:11:38","guid":{"rendered":"http:\/\/www.ovoda.abdaiak.hu\/wp-content\/uploads\/2014\/12\/Szab\u00f3n\u00e9-Nagy-Erika-int\u00e9zm\u00e9nyvezet\u01511.jpg"},"modified":"2014-12-04T08:11:38","modified_gmt":"2014-12-04T08:11:38","slug":"szabone-nagy-erika-intezmenyvezeto-2","status":"inherit","type":"attachment","link":"http:\/\/www.mezeskalacs-ovoda.hu\/?attachment_id=425","title":{"rendered":"Szab\u00f3n\u00e9 Nagy Erika int\u00e9zm\u00e9nyvezet\u0151"},"author":5,"comment_status":"open","ping_status":"open","template":"","meta":[],"description":{"rendered":"<p class=\"attachment\"><a href='http:\/\/www.mezeskalacs-ovoda.hu\/wp-content\/uploads\/2014\/12\/Szab\u00f3n\u00e9-Nagy-Erika-int\u00e9zm\u00e9nyvezet\u01511.jpg'><img width=\"200\" height=\"300\" src=\"http:\/\/www.mezeskalacs-ovoda.hu\/wp-content\/uploads\/2014\/12\/Szab\u00f3n\u00e9-Nagy-Erika-int\u00e9zm\u00e9nyvezet\u01511-200x300.jpg\" class=\"attachment-medium size-medium\" alt=\"Szab\u00f3n\u00e9 Nagy Erika int\u00e9zm\u00e9nyvezet\u0151\" loading=\"lazy\" srcset=\"http:\/\/www.mezeskalacs-ovoda.hu\/wp-content\/uploads\/2014\/12\/Szab\u00f3n\u00e9-Nagy-Erika-int\u00e9zm\u00e9nyvezet\u01511-200x300.jpg 200w, http:\/\/www.mezeskalacs-ovoda.hu\/wp-content\/uploads\/2014\/12\/Szab\u00f3n\u00e9-Nagy-Erika-int\u00e9zm\u00e9nyvezet\u01511-682x1024.jpg 682w\" sizes=\"(max-width: 200px) 100vw, 200px\" \/><\/a><\/p>\n"},"caption":{"rendered":"<div class=\"mh-excerpt\"><\/div>"},"alt_text":"Szab\u00f3n\u00e9 Nagy Erika int\u00e9zm\u00e9nyvezet\u0151","media_type":"image","mime_type":"image\/jpeg","media_details":{"width":2336,"height":3504,"file":"2014\/12\/Szab\u00f3n\u00e9-Nagy-Erika-int\u00e9zm\u00e9nyvezet\u01511.jpg","sizes":{"thumbnail":{"file":"Szab\u00f3n\u00e9-Nagy-Erika-int\u00e9zm\u00e9nyvezet\u01511-150x150.jpg","width":150,"height":150,"mime_type":"image\/jpeg","source_url":"http:\/\/www.mezeskalacs-ovoda.hu\/wp-content\/uploads\/2014\/12\/Szab\u00f3n\u00e9-Nagy-Erika-int\u00e9zm\u00e9nyvezet\u01511-150x150.jpg"},"medium":{"file":"Szab\u00f3n\u00e9-Nagy-Erika-int\u00e9zm\u00e9nyvezet\u01511-200x300.jpg","width":200,"height":300,"mime_type":"image\/jpeg","source_url":"http:\/\/www.mezeskalacs-ovoda.hu\/wp-content\/uploads\/2014\/12\/Szab\u00f3n\u00e9-Nagy-Erika-int\u00e9zm\u00e9nyvezet\u01511-200x300.jpg"},"large":{"file":"Szab\u00f3n\u00e9-Nagy-Erika-int\u00e9zm\u00e9nyvezet\u01511-682x1024.jpg","width":682,"height":1024,"mime_type":"image\/jpeg","source_url":"http:\/\/www.mezeskalacs-ovoda.hu\/wp-content\/uploads\/2014\/12\/Szab\u00f3n\u00e9-Nagy-Erika-int\u00e9zm\u00e9nyvezet\u01511-682x1024.jpg"},"full":{"file":"Szab\u00f3n\u00e9-Nagy-Erika-int\u00e9zm\u00e9nyvezet\u01511.jpg","width":2336,"height":3504,"mime_type":"image\/jpeg","source_url":"http:\/\/www.mezeskalacs-ovoda.hu\/wp-content\/uploads\/2014\/12\/Szab\u00f3n\u00e9-Nagy-Erika-int\u00e9zm\u00e9nyvezet\u01511.jpg"}},"image_meta":{"aperture":5.5999999999999996447286321199499070644378662109375,"credit":"","camera":"Canon EOS 30D","caption":"","created_timestamp":1294747478,"copyright":"","focal_length":"132","iso":"640","shutter_speed":"0.0166666666667","title":""}},"post":423,"source_url":"http:\/\/www.mezeskalacs-ovoda.hu\/wp-content\/uploads\/2014\/12\/Szab\u00f3n\u00e9-Nagy-Erika-int\u00e9zm\u00e9nyvezet\u01511.jpg","_links":{"self":[{"href":"http:\/\/www.mezeskalacs-ovoda.hu\/index.php?rest_route=\/wp\/v2\/media\/425"}],"collection":[{"href":"http:\/\/www.mezeskalacs-ovoda.hu\/index.php?rest_route=\/wp\/v2\/media"}],"about":[{"href":"http:\/\/www.mezeskalacs-ovoda.hu\/index.php?rest_route=\/wp\/v2\/types\/attachment"}],"author":[{"embeddable":true,"href":"http:\/\/www.mezeskalacs-ovoda.hu\/index.php?rest_route=\/wp\/v2\/users\/5"}],"replies":[{"embeddable":true,"href":"http:\/\/www.mezeskalacs-ovoda.hu\/index.php?rest_route=%2Fwp%2Fv2%2Fcomments&post=425"}]}}

http://www.ovoda.abdaiak.hu/wp-content/uploads/2014/12/Szabóné-Nagy-Erika-intézményvezető1.jpg

Szabóné Nagy Erika intézményvezető

<p class="attachment"><a href='http://www.mezeskalacs-ovoda.hu/wp-content/uploads/2014/12/Szabóné-Nagy-Erika-intézményvezető1.jpg'><img width="200" height="300" src="http://www.mezeskalacs-ovoda.hu/wp-content/uploads/2014/12/Szabóné-Nagy-Erika-intézményvezető1-200x300.jpg" class="attachment-medium size-medium" alt="Szabóné Nagy Erika intézményvezető" loading="lazy" srcset="http://www.mezeskalacs-ovoda.hu/wp-content/uploads/2014/12/Szabóné-Nagy-Erika-intézményvezető1-200x300.jpg 200w, http://www.mezeskalacs-ovoda.hu/wp-content/uploads/2014/12/Szabóné-Nagy-Erika-intézményvezető1-682x1024.jpg 682w" sizes="(max-width: 200px) 100vw, 200px" /></a></p>

2014/12/Szabóné-Nagy-Erika-intézményvezető1.jpg

Szabóné-Nagy-Erika-intézményvezető1-150x150.jpg

http://www.mezeskalacs-ovoda.hu/wp-content/uploads/2014/12/Szabóné-Nagy-Erika-intézményvezető1-150x150.jpg

Szabóné-Nagy-Erika-intézményvezető1-200x300.jpg

http://www.mezeskalacs-ovoda.hu/wp-content/uploads/2014/12/Szabóné-Nagy-Erika-intézményvezető1-200x300.jpg

Szabóné-Nagy-Erika-intézményvezető1-682x1024.jpg

http://www.mezeskalacs-ovoda.hu/wp-content/uploads/2014/12/Szabóné-Nagy-Erika-intézményvezető1-682x1024.jpg

Szabóné-Nagy-Erika-intézményvezető1.jpg

http://www.mezeskalacs-ovoda.hu/wp-content/uploads/2014/12/Szabóné-Nagy-Erika-intézményvezető1.jpg
