{"id":402,"date":"2014-11-13T17:45:19","date_gmt":"2014-11-13T17:45:19","guid":{"rendered":"http:\/\/www.ovoda.abdaiak.hu\/wp-content\/uploads\/2014\/11\/N\u00e9methn\u00e9-Balogh-Eszter.jpg"},"modified":"2019-09-03T19:21:06","modified_gmt":"2019-09-03T19:21:06","slug":"nemethne-balogh-eszter","status":"inherit","type":"attachment","link":"http:\/\/www.mezeskalacs-ovoda.hu\/?attachment_id=402","title":{"rendered":"N\u00e9methn\u00e9 Balogh Eszter"},"author":5,"comment_status":"open","ping_status":"open","template":"","meta":[],"description":{"rendered":"<p class=\"attachment\"><a href='http:\/\/www.mezeskalacs-ovoda.hu\/wp-content\/uploads\/2014\/11\/N\u00e9methn\u00e9-Balogh-Eszter.jpg'><img width=\"224\" height=\"300\" src=\"http:\/\/www.mezeskalacs-ovoda.hu\/wp-content\/uploads\/2014\/11\/N\u00e9methn\u00e9-Balogh-Eszter-224x300.jpg\" class=\"attachment-medium size-medium\" alt=\"\" loading=\"lazy\" srcset=\"http:\/\/www.mezeskalacs-ovoda.hu\/wp-content\/uploads\/2014\/11\/N\u00e9methn\u00e9-Balogh-Eszter-224x300.jpg 224w, http:\/\/www.mezeskalacs-ovoda.hu\/wp-content\/uploads\/2014\/11\/N\u00e9methn\u00e9-Balogh-Eszter.jpg 382w\" sizes=\"(max-width: 224px) 100vw, 224px\" \/><\/a><\/p>\n"},"caption":{"rendered":"<div class=\"mh-excerpt\"><\/div>"},"alt_text":"","media_type":"image","mime_type":"image\/jpeg","media_details":{"width":382,"height":510,"file":"2014\/11\/N\u00e9methn\u00e9-Balogh-Eszter.jpg","sizes":{"thumbnail":{"file":"N\u00e9methn\u00e9-Balogh-Eszter-150x150.jpg","width":150,"height":150,"mime_type":"image\/jpeg","source_url":"http:\/\/www.mezeskalacs-ovoda.hu\/wp-content\/uploads\/2014\/11\/N\u00e9methn\u00e9-Balogh-Eszter-150x150.jpg"},"medium":{"file":"N\u00e9methn\u00e9-Balogh-Eszter-224x300.jpg","width":224,"height":300,"mime_type":"image\/jpeg","source_url":"http:\/\/www.mezeskalacs-ovoda.hu\/wp-content\/uploads\/2014\/11\/N\u00e9methn\u00e9-Balogh-Eszter-224x300.jpg"},"full":{"file":"N\u00e9methn\u00e9-Balogh-Eszter.jpg","width":382,"height":510,"mime_type":"image\/jpeg","source_url":"http:\/\/www.mezeskalacs-ovoda.hu\/wp-content\/uploads\/2014\/11\/N\u00e9methn\u00e9-Balogh-Eszter.jpg"}},"image_meta":{"aperture":0,"credit":"","camera":"","caption":"","created_timestamp":0,"copyright":"","focal_length":0,"iso":0,"shutter_speed":0,"title":""}},"post":423,"source_url":"http:\/\/www.mezeskalacs-ovoda.hu\/wp-content\/uploads\/2014\/11\/N\u00e9methn\u00e9-Balogh-Eszter.jpg","_links":{"self":[{"href":"http:\/\/www.mezeskalacs-ovoda.hu\/index.php?rest_route=\/wp\/v2\/media\/402"}],"collection":[{"href":"http:\/\/www.mezeskalacs-ovoda.hu\/index.php?rest_route=\/wp\/v2\/media"}],"about":[{"href":"http:\/\/www.mezeskalacs-ovoda.hu\/index.php?rest_route=\/wp\/v2\/types\/attachment"}],"author":[{"embeddable":true,"href":"http:\/\/www.mezeskalacs-ovoda.hu\/index.php?rest_route=\/wp\/v2\/users\/5"}],"replies":[{"embeddable":true,"href":"http:\/\/www.mezeskalacs-ovoda.hu\/index.php?rest_route=%2Fwp%2Fv2%2Fcomments&post=402"}]}}

http://www.ovoda.abdaiak.hu/wp-content/uploads/2014/11/Némethné-Balogh-Eszter.jpg

Némethné Balogh Eszter

<p class="attachment"><a href='http://www.mezeskalacs-ovoda.hu/wp-content/uploads/2014/11/Némethné-Balogh-Eszter.jpg'><img width="224" height="300" src="http://www.mezeskalacs-ovoda.hu/wp-content/uploads/2014/11/Némethné-Balogh-Eszter-224x300.jpg" class="attachment-medium size-medium" alt="" loading="lazy" srcset="http://www.mezeskalacs-ovoda.hu/wp-content/uploads/2014/11/Némethné-Balogh-Eszter-224x300.jpg 224w, http://www.mezeskalacs-ovoda.hu/wp-content/uploads/2014/11/Némethné-Balogh-Eszter.jpg 382w" sizes="(max-width: 224px) 100vw, 224px" /></a></p>

2014/11/Némethné-Balogh-Eszter.jpg

Némethné-Balogh-Eszter-150x150.jpg

http://www.mezeskalacs-ovoda.hu/wp-content/uploads/2014/11/Némethné-Balogh-Eszter-150x150.jpg

Némethné-Balogh-Eszter-224x300.jpg

http://www.mezeskalacs-ovoda.hu/wp-content/uploads/2014/11/Némethné-Balogh-Eszter-224x300.jpg

Némethné-Balogh-Eszter.jpg

http://www.mezeskalacs-ovoda.hu/wp-content/uploads/2014/11/Némethné-Balogh-Eszter.jpg
