{"id":1862,"date":"2019-11-08T08:01:50","date_gmt":"2019-11-08T08:01:50","guid":{"rendered":"http:\/\/www.mezeskalacs-ovoda.hu\/wp-content\/uploads\/2014\/12\/DSC09960ps-N\u00e9methn\u00e9-Balogh-Eszter.jpg"},"modified":"2019-11-08T08:01:50","modified_gmt":"2019-11-08T08:01:50","slug":"dsc09960ps-nemethne-balogh-eszter","status":"inherit","type":"attachment","link":"http:\/\/www.mezeskalacs-ovoda.hu\/?attachment_id=1862","title":{"rendered":"DSC09960ps N\u00e9methn\u00e9 Balogh Eszter"},"author":9,"comment_status":"open","ping_status":"open","template":"","meta":[],"description":{"rendered":"<p class=\"attachment\"><a href='http:\/\/www.mezeskalacs-ovoda.hu\/wp-content\/uploads\/2014\/12\/DSC09960ps-N\u00e9methn\u00e9-Balogh-Eszter.jpg'><img width=\"200\" height=\"300\" src=\"http:\/\/www.mezeskalacs-ovoda.hu\/wp-content\/uploads\/2014\/12\/DSC09960ps-N\u00e9methn\u00e9-Balogh-Eszter-200x300.jpg\" class=\"attachment-medium size-medium\" alt=\"\" loading=\"lazy\" srcset=\"http:\/\/www.mezeskalacs-ovoda.hu\/wp-content\/uploads\/2014\/12\/DSC09960ps-N\u00e9methn\u00e9-Balogh-Eszter-200x300.jpg 200w, http:\/\/www.mezeskalacs-ovoda.hu\/wp-content\/uploads\/2014\/12\/DSC09960ps-N\u00e9methn\u00e9-Balogh-Eszter-684x1024.jpg 684w\" sizes=\"(max-width: 200px) 100vw, 200px\" \/><\/a><\/p>\n"},"caption":{"rendered":"<div class=\"mh-excerpt\"><\/div>"},"alt_text":"","media_type":"image","mime_type":"image\/jpeg","media_details":{"width":2832,"height":4240,"file":"2014\/12\/DSC09960ps-N\u00e9methn\u00e9-Balogh-Eszter.jpg","sizes":{"thumbnail":{"file":"DSC09960ps-N\u00e9methn\u00e9-Balogh-Eszter-150x150.jpg","width":150,"height":150,"mime_type":"image\/jpeg","source_url":"http:\/\/www.mezeskalacs-ovoda.hu\/wp-content\/uploads\/2014\/12\/DSC09960ps-N\u00e9methn\u00e9-Balogh-Eszter-150x150.jpg"},"medium":{"file":"DSC09960ps-N\u00e9methn\u00e9-Balogh-Eszter-200x300.jpg","width":200,"height":300,"mime_type":"image\/jpeg","source_url":"http:\/\/www.mezeskalacs-ovoda.hu\/wp-content\/uploads\/2014\/12\/DSC09960ps-N\u00e9methn\u00e9-Balogh-Eszter-200x300.jpg"},"large":{"file":"DSC09960ps-N\u00e9methn\u00e9-Balogh-Eszter-684x1024.jpg","width":684,"height":1024,"mime_type":"image\/jpeg","source_url":"http:\/\/www.mezeskalacs-ovoda.hu\/wp-content\/uploads\/2014\/12\/DSC09960ps-N\u00e9methn\u00e9-Balogh-Eszter-684x1024.jpg"},"content":{"file":"DSC09960ps-N\u00e9methn\u00e9-Balogh-Eszter-620x264.jpg","width":620,"height":264,"mime_type":"image\/jpeg","source_url":"http:\/\/www.mezeskalacs-ovoda.hu\/wp-content\/uploads\/2014\/12\/DSC09960ps-N\u00e9methn\u00e9-Balogh-Eszter-620x264.jpg"},"loop":{"file":"DSC09960ps-N\u00e9methn\u00e9-Balogh-Eszter-174x131.jpg","width":174,"height":131,"mime_type":"image\/jpeg","source_url":"http:\/\/www.mezeskalacs-ovoda.hu\/wp-content\/uploads\/2014\/12\/DSC09960ps-N\u00e9methn\u00e9-Balogh-Eszter-174x131.jpg"},"cp_small":{"file":"DSC09960ps-N\u00e9methn\u00e9-Balogh-Eszter-70x53.jpg","width":70,"height":53,"mime_type":"image\/jpeg","source_url":"http:\/\/www.mezeskalacs-ovoda.hu\/wp-content\/uploads\/2014\/12\/DSC09960ps-N\u00e9methn\u00e9-Balogh-Eszter-70x53.jpg"},"full":{"file":"DSC09960ps-N\u00e9methn\u00e9-Balogh-Eszter.jpg","width":2832,"height":4240,"mime_type":"image\/jpeg","source_url":"http:\/\/www.mezeskalacs-ovoda.hu\/wp-content\/uploads\/2014\/12\/DSC09960ps-N\u00e9methn\u00e9-Balogh-Eszter.jpg"}},"image_meta":{"aperture":7.0999999999999996447286321199499070644378662109375,"credit":"","camera":"ILCA-77M2","caption":"","created_timestamp":1570620730,"copyright":"","focal_length":"60","iso":"320","shutter_speed":"0.005","title":"","orientation":1}},"post":423,"source_url":"http:\/\/www.mezeskalacs-ovoda.hu\/wp-content\/uploads\/2014\/12\/DSC09960ps-N\u00e9methn\u00e9-Balogh-Eszter.jpg","_links":{"self":[{"href":"http:\/\/www.mezeskalacs-ovoda.hu\/index.php?rest_route=\/wp\/v2\/media\/1862"}],"collection":[{"href":"http:\/\/www.mezeskalacs-ovoda.hu\/index.php?rest_route=\/wp\/v2\/media"}],"about":[{"href":"http:\/\/www.mezeskalacs-ovoda.hu\/index.php?rest_route=\/wp\/v2\/types\/attachment"}],"author":[{"embeddable":true,"href":"http:\/\/www.mezeskalacs-ovoda.hu\/index.php?rest_route=\/wp\/v2\/users\/9"}],"replies":[{"embeddable":true,"href":"http:\/\/www.mezeskalacs-ovoda.hu\/index.php?rest_route=%2Fwp%2Fv2%2Fcomments&post=1862"}]}}

http://www.mezeskalacs-ovoda.hu/wp-content/uploads/2014/12/DSC09960ps-Némethné-Balogh-Eszter.jpg

DSC09960ps Némethné Balogh Eszter

<p class="attachment"><a href='http://www.mezeskalacs-ovoda.hu/wp-content/uploads/2014/12/DSC09960ps-Némethné-Balogh-Eszter.jpg'><img width="200" height="300" src="http://www.mezeskalacs-ovoda.hu/wp-content/uploads/2014/12/DSC09960ps-Némethné-Balogh-Eszter-200x300.jpg" class="attachment-medium size-medium" alt="" loading="lazy" srcset="http://www.mezeskalacs-ovoda.hu/wp-content/uploads/2014/12/DSC09960ps-Némethné-Balogh-Eszter-200x300.jpg 200w, http://www.mezeskalacs-ovoda.hu/wp-content/uploads/2014/12/DSC09960ps-Némethné-Balogh-Eszter-684x1024.jpg 684w" sizes="(max-width: 200px) 100vw, 200px" /></a></p>

2014/12/DSC09960ps-Némethné-Balogh-Eszter.jpg

DSC09960ps-Némethné-Balogh-Eszter-150x150.jpg

http://www.mezeskalacs-ovoda.hu/wp-content/uploads/2014/12/DSC09960ps-Némethné-Balogh-Eszter-150x150.jpg

DSC09960ps-Némethné-Balogh-Eszter-200x300.jpg

http://www.mezeskalacs-ovoda.hu/wp-content/uploads/2014/12/DSC09960ps-Némethné-Balogh-Eszter-200x300.jpg

DSC09960ps-Némethné-Balogh-Eszter-684x1024.jpg

http://www.mezeskalacs-ovoda.hu/wp-content/uploads/2014/12/DSC09960ps-Némethné-Balogh-Eszter-684x1024.jpg

DSC09960ps-Némethné-Balogh-Eszter-620x264.jpg

http://www.mezeskalacs-ovoda.hu/wp-content/uploads/2014/12/DSC09960ps-Némethné-Balogh-Eszter-620x264.jpg

DSC09960ps-Némethné-Balogh-Eszter-174x131.jpg

http://www.mezeskalacs-ovoda.hu/wp-content/uploads/2014/12/DSC09960ps-Némethné-Balogh-Eszter-174x131.jpg

DSC09960ps-Némethné-Balogh-Eszter-70x53.jpg

http://www.mezeskalacs-ovoda.hu/wp-content/uploads/2014/12/DSC09960ps-Némethné-Balogh-Eszter-70x53.jpg

DSC09960ps-Némethné-Balogh-Eszter.jpg
