{"id":1635,"date":"2018-02-21T19:36:00","date_gmt":"2018-02-21T19:36:00","guid":{"rendered":"http:\/\/www.mezeskalacs-ovoda.hu\/wp-content\/uploads\/2018\/02\/DSC09803-Szab\u00f3n\u00e9-Nagy-Erika-int\u00e9zm\u00e9nyvezet\u0151.jpg"},"modified":"2018-02-21T19:37:25","modified_gmt":"2018-02-21T19:37:25","slug":"dsc09803-szabone-nagy-erika-intezmenyvezeto","status":"inherit","type":"attachment","link":"http:\/\/www.mezeskalacs-ovoda.hu\/?attachment_id=1635","title":{"rendered":"DSC09803 Szab\u00f3n\u00e9 Nagy Erika int\u00e9zm\u00e9nyvezet\u0151"},"author":9,"comment_status":"open","ping_status":"open","template":"","meta":[],"description":{"rendered":"<p class=\"attachment\"><a href='http:\/\/www.mezeskalacs-ovoda.hu\/wp-content\/uploads\/2018\/02\/DSC09803-Szab\u00f3n\u00e9-Nagy-Erika-int\u00e9zm\u00e9nyvezet\u0151.jpg'><img width=\"200\" height=\"300\" src=\"http:\/\/www.mezeskalacs-ovoda.hu\/wp-content\/uploads\/2018\/02\/DSC09803-Szab\u00f3n\u00e9-Nagy-Erika-int\u00e9zm\u00e9nyvezet\u0151-200x300.jpg\" class=\"attachment-medium size-medium\" alt=\"\" loading=\"lazy\" srcset=\"http:\/\/www.mezeskalacs-ovoda.hu\/wp-content\/uploads\/2018\/02\/DSC09803-Szab\u00f3n\u00e9-Nagy-Erika-int\u00e9zm\u00e9nyvezet\u0151-200x300.jpg 200w, http:\/\/www.mezeskalacs-ovoda.hu\/wp-content\/uploads\/2018\/02\/DSC09803-Szab\u00f3n\u00e9-Nagy-Erika-int\u00e9zm\u00e9nyvezet\u0151.jpg 600w\" sizes=\"(max-width: 200px) 100vw, 200px\" \/><\/a><\/p>\n"},"caption":{"rendered":"<div class=\"mh-excerpt\"><\/div>"},"alt_text":"","media_type":"image","mime_type":"image\/jpeg","media_details":{"width":600,"height":900,"file":"2018\/02\/DSC09803-Szab\u00f3n\u00e9-Nagy-Erika-int\u00e9zm\u00e9nyvezet\u0151.jpg","sizes":{"thumbnail":{"file":"DSC09803-Szab\u00f3n\u00e9-Nagy-Erika-int\u00e9zm\u00e9nyvezet\u0151-150x150.jpg","width":150,"height":150,"mime_type":"image\/jpeg","source_url":"http:\/\/www.mezeskalacs-ovoda.hu\/wp-content\/uploads\/2018\/02\/DSC09803-Szab\u00f3n\u00e9-Nagy-Erika-int\u00e9zm\u00e9nyvezet\u0151-150x150.jpg"},"medium":{"file":"DSC09803-Szab\u00f3n\u00e9-Nagy-Erika-int\u00e9zm\u00e9nyvezet\u0151-200x300.jpg","width":200,"height":300,"mime_type":"image\/jpeg","source_url":"http:\/\/www.mezeskalacs-ovoda.hu\/wp-content\/uploads\/2018\/02\/DSC09803-Szab\u00f3n\u00e9-Nagy-Erika-int\u00e9zm\u00e9nyvezet\u0151-200x300.jpg"},"content":{"file":"DSC09803-Szab\u00f3n\u00e9-Nagy-Erika-int\u00e9zm\u00e9nyvezet\u0151-600x264.jpg","width":600,"height":264,"mime_type":"image\/jpeg","source_url":"http:\/\/www.mezeskalacs-ovoda.hu\/wp-content\/uploads\/2018\/02\/DSC09803-Szab\u00f3n\u00e9-Nagy-Erika-int\u00e9zm\u00e9nyvezet\u0151-600x264.jpg"},"loop":{"file":"DSC09803-Szab\u00f3n\u00e9-Nagy-Erika-int\u00e9zm\u00e9nyvezet\u0151-174x131.jpg","width":174,"height":131,"mime_type":"image\/jpeg","source_url":"http:\/\/www.mezeskalacs-ovoda.hu\/wp-content\/uploads\/2018\/02\/DSC09803-Szab\u00f3n\u00e9-Nagy-Erika-int\u00e9zm\u00e9nyvezet\u0151-174x131.jpg"},"cp_small":{"file":"DSC09803-Szab\u00f3n\u00e9-Nagy-Erika-int\u00e9zm\u00e9nyvezet\u0151-70x53.jpg","width":70,"height":53,"mime_type":"image\/jpeg","source_url":"http:\/\/www.mezeskalacs-ovoda.hu\/wp-content\/uploads\/2018\/02\/DSC09803-Szab\u00f3n\u00e9-Nagy-Erika-int\u00e9zm\u00e9nyvezet\u0151-70x53.jpg"},"full":{"file":"DSC09803-Szab\u00f3n\u00e9-Nagy-Erika-int\u00e9zm\u00e9nyvezet\u0151.jpg","width":600,"height":900,"mime_type":"image\/jpeg","source_url":"http:\/\/www.mezeskalacs-ovoda.hu\/wp-content\/uploads\/2018\/02\/DSC09803-Szab\u00f3n\u00e9-Nagy-Erika-int\u00e9zm\u00e9nyvezet\u0151.jpg"}},"image_meta":{"aperture":4.5,"credit":"","camera":"ILCA-77M2","caption":"","created_timestamp":1518086936,"copyright":"","focal_length":"50","iso":"1000","shutter_speed":"0.005","title":"","orientation":1}},"post":423,"source_url":"http:\/\/www.mezeskalacs-ovoda.hu\/wp-content\/uploads\/2018\/02\/DSC09803-Szab\u00f3n\u00e9-Nagy-Erika-int\u00e9zm\u00e9nyvezet\u0151.jpg","_links":{"self":[{"href":"http:\/\/www.mezeskalacs-ovoda.hu\/index.php?rest_route=\/wp\/v2\/media\/1635"}],"collection":[{"href":"http:\/\/www.mezeskalacs-ovoda.hu\/index.php?rest_route=\/wp\/v2\/media"}],"about":[{"href":"http:\/\/www.mezeskalacs-ovoda.hu\/index.php?rest_route=\/wp\/v2\/types\/attachment"}],"author":[{"embeddable":true,"href":"http:\/\/www.mezeskalacs-ovoda.hu\/index.php?rest_route=\/wp\/v2\/users\/9"}],"replies":[{"embeddable":true,"href":"http:\/\/www.mezeskalacs-ovoda.hu\/index.php?rest_route=%2Fwp%2Fv2%2Fcomments&post=1635"}]}}

http://www.mezeskalacs-ovoda.hu/wp-content/uploads/2018/02/DSC09803-Szabóné-Nagy-Erika-intézményvezető.jpg

DSC09803 Szabóné Nagy Erika intézményvezető

<p class="attachment"><a href='http://www.mezeskalacs-ovoda.hu/wp-content/uploads/2018/02/DSC09803-Szabóné-Nagy-Erika-intézményvezető.jpg'><img width="200" height="300" src="http://www.mezeskalacs-ovoda.hu/wp-content/uploads/2018/02/DSC09803-Szabóné-Nagy-Erika-intézményvezető-200x300.jpg" class="attachment-medium size-medium" alt="" loading="lazy" srcset="http://www.mezeskalacs-ovoda.hu/wp-content/uploads/2018/02/DSC09803-Szabóné-Nagy-Erika-intézményvezető-200x300.jpg 200w, http://www.mezeskalacs-ovoda.hu/wp-content/uploads/2018/02/DSC09803-Szabóné-Nagy-Erika-intézményvezető.jpg 600w" sizes="(max-width: 200px) 100vw, 200px" /></a></p>

2018/02/DSC09803-Szabóné-Nagy-Erika-intézményvezető.jpg

DSC09803-Szabóné-Nagy-Erika-intézményvezető-150x150.jpg

http://www.mezeskalacs-ovoda.hu/wp-content/uploads/2018/02/DSC09803-Szabóné-Nagy-Erika-intézményvezető-150x150.jpg

DSC09803-Szabóné-Nagy-Erika-intézményvezető-200x300.jpg

http://www.mezeskalacs-ovoda.hu/wp-content/uploads/2018/02/DSC09803-Szabóné-Nagy-Erika-intézményvezető-200x300.jpg

DSC09803-Szabóné-Nagy-Erika-intézményvezető-600x264.jpg

http://www.mezeskalacs-ovoda.hu/wp-content/uploads/2018/02/DSC09803-Szabóné-Nagy-Erika-intézményvezető-600x264.jpg

DSC09803-Szabóné-Nagy-Erika-intézményvezető-174x131.jpg

http://www.mezeskalacs-ovoda.hu/wp-content/uploads/2018/02/DSC09803-Szabóné-Nagy-Erika-intézményvezető-174x131.jpg

DSC09803-Szabóné-Nagy-Erika-intézményvezető-70x53.jpg

http://www.mezeskalacs-ovoda.hu/wp-content/uploads/2018/02/DSC09803-Szabóné-Nagy-Erika-intézményvezető-70x53.jpg

DSC09803-Szabóné-Nagy-Erika-intézményvezető.jpg
